{"id":13410,"date":"2025-05-12T18:25:16","date_gmt":"2025-05-12T15:25:16","guid":{"rendered":"https:\/\/www.estrad.fi\/barnensestrad\/?post_type=aktuellt&#038;p=13410"},"modified":"2026-04-29T18:30:41","modified_gmt":"2026-04-29T15:30:41","slug":"mille-klick-nya-vanner-uuden-ystavat","status":"publish","type":"aktuellt","link":"https:\/\/www.estrad.fi\/barnensestrad\/aktuellt\/mille-klick-nya-vanner-uuden-ystavat\/","title":{"rendered":"Mille &#8211; Klick! Nya v\u00e4nner &#8211; Uudet yst\u00e4v\u00e4t"},"content":{"rendered":"\n<div class=\" wp-block-media-text is-stacked-on-mobile eplus-wrapper\" style=\"grid-template-columns:28% auto\"><figure class=\"wp-block-media-text__media\"><img loading=\"lazy\" decoding=\"async\" width=\"781\" height=\"1024\" src=\"https:\/\/www.estrad.fi\/barnensestrad\/wp-content\/uploads\/2025\/05\/milleklick-finsve-781x1024.jpg\" alt=\"\" class=\"wp-image-15279 size-full\" srcset=\"https:\/\/www.estrad.fi\/barnensestrad\/wp-content\/uploads\/2025\/05\/milleklick-finsve-781x1024.jpg 781w, https:\/\/www.estrad.fi\/barnensestrad\/wp-content\/uploads\/2025\/05\/milleklick-finsve-229x300.jpg 229w, https:\/\/www.estrad.fi\/barnensestrad\/wp-content\/uploads\/2025\/05\/milleklick-finsve-768x1007.jpg 768w, https:\/\/www.estrad.fi\/barnensestrad\/wp-content\/uploads\/2025\/05\/milleklick-finsve-1172x1536.jpg 1172w, https:\/\/www.estrad.fi\/barnensestrad\/wp-content\/uploads\/2025\/05\/milleklick-finsve-1562x2048.jpg 1562w, https:\/\/www.estrad.fi\/barnensestrad\/wp-content\/uploads\/2025\/05\/milleklick-finsve-1200x1573.jpg 1200w, https:\/\/www.estrad.fi\/barnensestrad\/wp-content\/uploads\/2025\/05\/milleklick-finsve-600x787.jpg 600w, https:\/\/www.estrad.fi\/barnensestrad\/wp-content\/uploads\/2025\/05\/milleklick-finsve-scaled.jpg 1953w\" sizes=\"auto, (max-width: 709px) 85vw, (max-width: 909px) 67vw, (max-width: 984px) 61vw, (max-width: 1362px) 45vw, 600px\" \/><\/figure><div class=\"wp-block-media-text__content\">\n<p class=\" eplus-wrapper\">En ny tv\u00e5spr\u00e5kig, musikalisk interaktiv och rolig teaterf\u00f6rest\u00e4llning med viktiga teman:<br>\u2013 Spr\u00e5klig m\u00e5ngfald<br>\u2013 Acceptans och inkludering&nbsp;\u2013 du duger som du \u00e4r!<\/p>\n\n\n\n<p class=\" eplus-wrapper\">Den tv\u00e5spr\u00e5kiga versionen spelas d\u00e5 publiken best\u00e5r av b\u00e5de finskspr\u00e5kiga och svenskspr\u00e5kiga daghemsgrupper, f\u00f6rskolegrupper och skolklasser (\u00e5k 1-2).<br>F\u00f6rest\u00e4llningen g\u00f6rs helt p\u00e5 svenska d\u00e5 den spelas f\u00f6r helsvenskspr\u00e5kig publik.<\/p>\n\n\n\n<p class=\" eplus-wrapper\">Mille Klick! on interaktiivinen, hauska ja musiikillinen esitys yst\u00e4vyydest\u00e4, yksin\u00e4isyydest\u00e4 ja siit\u00e4, kun yst\u00e4v\u00e4 ei en\u00e4\u00e4 olekaan yst\u00e4v\u00e4. Esityksess\u00e4 tapaamme Millen, jolla on tyls\u00e4\u00e4 ja viihdytt\u00e4\u00e4 itse\u00e4\u00e4n katsomalla Tiktok -videoita. Yht\u00e4kki\u00e4 ilmaantuu joku, jota Mille ei ole ennen tavannut ja hauras mutta t\u00e4rke\u00e4 yst\u00e4vyys saa alkunsa.<\/p>\n\n\n\n<p class=\" eplus-wrapper\"><strong>Manus \u2013 K\u00e4sikirjoitus:\u00a0<\/strong>Anna H\u00f6gstr\u00f6m, Matilda Anttila &amp; Kalle Halm\u00e9n\u00a0<strong><br>Regi \u2013 Ohjaus:\u00a0<\/strong>Kalle Halm\u00e9n<br><strong>Dr\u00e4kter \u2013 Puvustus:\u00a0<\/strong>Sonja\u00a0Dragon<strong><br>Illustration &amp; scenografi \u2013 Kuvitus &amp; lavasteet:\u00a0<\/strong>Oliver Gr\u00f6n<strong><br>Musik \u2013 Musiikki<\/strong>: Stefan \u201dKilju\u201d Lindblom &amp; Anders Gr\u00f6nroos<br><strong>I rollerna \u2013 Rooleissa<\/strong>: Catrine Krusberg &amp; Petra Rauhala<br><strong>Turn\u00e9koordinator \u2013 Kiertuekoordinaattori:\u00a0<\/strong>Pia Lind\u00e9n-Lamoureux<strong><br>Koncept, producent \u2013 Konsepti, tuottaja:\u00a0<\/strong>Anders Gr\u00f6nroos<strong><br>Publik \u2013 Yleis\u00f6<\/strong>: 6-8-\u00e5ringar \u2013 6-8-vuotiaat.<br><strong>L\u00e4ngd \u2013 Kesto<\/strong>: 35 min.<br><strong>Premi\u00e4r \u2013 Ensi-ilta<\/strong>: 2.9.2025<\/p>\n<\/div><\/div>\n\n\n\n<p class=\" has-medium-font-size eplus-wrapper\"><strong>Kontakt:<br><\/strong>Anders Gr\u00f6nroos<br>e-post: anders(a)estrad.fi<br>tfn. 0400-531770<br>webb: www.estrad.fi<\/p>\n\n\n\n<p class=\" eplus-wrapper\"><em>Turn\u00e9n f\u00f6rverkligas med hj\u00e4lp av underst\u00f6d fr\u00e5n Stiftelsen Brita Maria Renlunds minne,<br>Svenska Folkskolans V\u00e4nner och Svenska Kulturfonden i Bj\u00f6rneborg.<br>Och lokalt av Sopfie von Julins stiftelse, Sparbankstiftelsen i Houtsk\u00e4r,<br>Sparbankstiftelsen i Korpo, Sparbankstiftelsen i Nagu och<br>Aktiastiftelsen i \u00c5bo och Pargas.<br>Tack!<\/em><\/p>\n","protected":false},"featured_media":15217,"menu_order":0,"template":"","meta":{"editor_plus_copied_stylings":"{}","_price":"","_stock":"","_tribe_ticket_header":"","_tribe_default_ticket_provider":"","_tribe_ticket_capacity":"0","_ticket_start_date":"","_ticket_end_date":"","_tribe_ticket_show_description":"","_tribe_ticket_show_not_going":false,"_tribe_ticket_use_global_stock":"","_tribe_ticket_global_stock_level":"","_global_stock_mode":"","_global_stock_cap":"","_tribe_rsvp_for_event":"","_tribe_ticket_going_count":"","_tribe_ticket_not_going_count":"","_tribe_tickets_list":"[]","_tribe_ticket_has_attendee_info_fields":false},"categories":[6],"class_list":["post-13410","aktuellt","type-aktuellt","status-publish","has-post-thumbnail","hentry","category-vilande"],"_links":{"self":[{"href":"https:\/\/www.estrad.fi\/barnensestrad\/wp-json\/wp\/v2\/aktuellt\/13410","targetHints":{"allow":["GET"]}}],"collection":[{"href":"https:\/\/www.estrad.fi\/barnensestrad\/wp-json\/wp\/v2\/aktuellt"}],"about":[{"href":"https:\/\/www.estrad.fi\/barnensestrad\/wp-json\/wp\/v2\/types\/aktuellt"}],"wp:featuredmedia":[{"embeddable":true,"href":"https:\/\/www.estrad.fi\/barnensestrad\/wp-json\/wp\/v2\/media\/15217"}],"wp:attachment":[{"href":"https:\/\/www.estrad.fi\/barnensestrad\/wp-json\/wp\/v2\/media?parent=13410"}],"wp:term":[{"taxonomy":"category","embeddable":true,"href":"https:\/\/www.estrad.fi\/barnensestrad\/wp-json\/wp\/v2\/categories?post=13410"}],"curies":[{"name":"wp","href":"https:\/\/api.w.org\/{rel}","templated":true}]}}

Mille &#8211; Klick! Nya vänner &#8211; Uudet ystävät

<div class=" wp-block-media-text is-stacked-on-mobile eplus-wrapper" style="grid-template-columns:28% auto"><figure class="wp-block-media-text__media"><img loading="lazy" decoding="async" width="781" height="1024" src="https://www.estrad.fi/barnensestrad/wp-content/uploads/2025/05/milleklick-finsve-781x1024.jpg" alt="" class="wp-image-15279 size-full" srcset="https://www.estrad.fi/barnensestrad/wp-content/uploads/2025/05/milleklick-finsve-781x1024.jpg 781w, https://www.estrad.fi/barnensestrad/wp-content/uploads/2025/05/milleklick-finsve-229x300.jpg 229w, https://www.estrad.fi/barnensestrad/wp-content/uploads/2025/05/milleklick-finsve-768x1007.jpg 768w, https://www.estrad.fi/barnensestrad/wp-content/uploads/2025/05/milleklick-finsve-1172x1536.jpg 1172w, https://www.estrad.fi/barnensestrad/wp-content/uploads/2025/05/milleklick-finsve-1562x2048.jpg 1562w, https://www.estrad.fi/barnensestrad/wp-content/uploads/2025/05/milleklick-finsve-1200x1573.jpg 1200w, https://www.estrad.fi/barnensestrad/wp-content/uploads/2025/05/milleklick-finsve-600x787.jpg 600w, https://www.estrad.fi/barnensestrad/wp-content/uploads/2025/05/milleklick-finsve-scaled.jpg 1953w" sizes="auto, (max-width: 709px) 85vw, (max-width: 909px) 67vw, (max-width: 984px) 61vw, (max-width: 1362px) 45vw, 600px" /></figure><div class="wp-block-media-text__content">
<p class=" eplus-wrapper">En ny tvåspråkig, musikalisk interaktiv och rolig teaterföreställning med viktiga teman:<br>– Språklig mångfald<br>– Acceptans och inkludering&nbsp;– du duger som du är!</p>



<p class=" eplus-wrapper">Den tvåspråkiga versionen spelas då publiken består av både finskspråkiga och svenskspråkiga daghemsgrupper, förskolegrupper och skolklasser (åk 1-2).<br>Föreställningen görs helt på svenska då den spelas för helsvenskspråkig publik.</p>



<p class=" eplus-wrapper">Mille Klick! on interaktiivinen, hauska ja musiikillinen esitys ystävyydestä, yksinäisyydestä ja siitä, kun ystävä ei enää olekaan ystävä. Esityksessä tapaamme Millen, jolla on tylsää ja viihdyttää itseään katsomalla Tiktok -videoita. Yhtäkkiä ilmaantuu joku, jota Mille ei ole ennen tavannut ja hauras mutta tärkeä ystävyys saa alkunsa.</p>



<p class=" eplus-wrapper"><strong>Manus – Käsikirjoitus: </strong>Anna Högström, Matilda Anttila &amp; Kalle Halmén <strong><br>Regi – Ohjaus: </strong>Kalle Halmén<br><strong>Dräkter – Puvustus: </strong>Sonja Dragon<strong><br>Illustration &amp; scenografi – Kuvitus &amp; lavasteet: </strong>Oliver Grön<strong><br>Musik – Musiikki</strong>: Stefan ”Kilju” Lindblom &amp; Anders Grönroos<br><strong>I rollerna – Rooleissa</strong>: Catrine Krusberg &amp; Petra Rauhala<br><strong>Turnékoordinator – Kiertuekoordinaattori: </strong>Pia Lindén-Lamoureux<strong><br>Koncept, producent – Konsepti, tuottaja: </strong>Anders Grönroos<strong><br>Publik – Yleisö</strong>: 6-8-åringar – 6-8-vuotiaat.<br><strong>Längd – Kesto</strong>: 35 min.<br><strong>Premiär – Ensi-ilta</strong>: 2.9.2025</p>
</div></div>



<p class=" has-medium-font-size eplus-wrapper"><strong>Kontakt:<br></strong>Anders Grönroos<br>e-post: anders(a)estrad.fi<br>tfn. 0400-531770<br>webb: www.estrad.fi</p>



<p class=" eplus-wrapper"><em>Turnén förverkligas med hjälp av understöd från Stiftelsen Brita Maria Renlunds minne,<br>Svenska Folkskolans Vänner och Svenska Kulturfonden i Björneborg.<br>Och lokalt av Sopfie von Julins stiftelse, Sparbankstiftelsen i Houtskär,<br>Sparbankstiftelsen i Korpo, Sparbankstiftelsen i Nagu och<br>Aktiastiftelsen i Åbo och Pargas.<br>Tack!</em></p>
