{"id":2740,"date":"2019-09-01T12:20:01","date_gmt":"2019-09-01T09:20:01","guid":{"rendered":"https:\/\/www.estrad.fi\/barnensestrad\/?post_type=aktuellt&#038;p=2740"},"modified":"2022-09-29T17:41:31","modified_gmt":"2022-09-29T14:41:31","slug":"mikko-mallikas-ja-mulperi","status":"publish","type":"aktuellt","link":"https:\/\/www.estrad.fi\/barnensestrad\/aktuellt\/mikko-mallikas-ja-mulperi\/","title":{"rendered":"Mikko Mallikas ja Mulperi 2022"},"content":{"rendered":"<p>Rakastettuihin Mikko Mallikas-kirjoihoin perustuvassa,<br \/>\nlapsille suunnatussa n\u00e4ytelm\u00e4ss\u00e4, koko perheell\u00e4 on mahdollisuus<br \/>\np\u00e4\u00e4st\u00e4 mukaan aitoon Mikko Mallikas -tunnelmaan.<\/p>\n<p><strong>Dramatisointi<\/strong>: Gunilla Bergstr\u00f6min kirjoista, Henrik Gr\u00f6nroos<br \/>\n<strong>Ohjaus<\/strong>: Samuel Karlsson<br \/>\n<strong>K\u00e4\u00e4nn\u00f6s: <\/strong>Sanna Uimonen<strong><br \/>\nMusiikki<\/strong>: Georg Riedel, Stefan &#8221;Kilju&#8221; Lindblom ja Anders Gr\u00f6nroos<br \/>\n<strong>Musiikin sovittaminen: <\/strong>Stefan &#8221;Kilju&#8221; Lindblom<strong><br \/>\nPuvustus: <\/strong>Sonja\u00a0Dragon<strong><br \/>\nLavastus, kuva: <\/strong>Lasse Andersson<br \/>\n<strong>Grafiikka: <\/strong>Line Gr\u00f6n<strong><br \/>\n<\/strong><b>Rooleissa<\/b>: Matilda Anttila\/Catrine Krusberg ja Teemu Kippola<br \/>\n<strong>Kustantamo<\/strong>: Bok-Makaren AB<br \/>\n<strong>Tuottaja: <\/strong>Anders Gr\u00f6nroos<strong><br \/>\n<\/strong><b>Yleis\u00f6<\/b>: 2-7-\u00e5ringar perheineen<br \/>\n<strong>Kesto<\/strong>: n. 35 minuuttia<\/p>\n<p>&nbsp;<\/p>\n<p><em><a href=\"https:\/\/www.estrad.fi\/barnensestrad\/wp-content\/uploads\/2013\/01\/HZP_190821_Alfons_002_WEB.jpg\"><img loading=\"lazy\" decoding=\"async\" class=\"alignleft wp-image-2727 size-large\" src=\"https:\/\/www.estrad.fi\/barnensestrad\/wp-content\/uploads\/2013\/01\/HZP_190821_Alfons_002_WEB-721x1024.jpg\" alt=\"\" width=\"721\" height=\"1024\" srcset=\"https:\/\/www.estrad.fi\/barnensestrad\/wp-content\/uploads\/2013\/01\/HZP_190821_Alfons_002_WEB-721x1024.jpg 721w, https:\/\/www.estrad.fi\/barnensestrad\/wp-content\/uploads\/2013\/01\/HZP_190821_Alfons_002_WEB-211x300.jpg 211w, https:\/\/www.estrad.fi\/barnensestrad\/wp-content\/uploads\/2013\/01\/HZP_190821_Alfons_002_WEB-768x1092.jpg 768w, https:\/\/www.estrad.fi\/barnensestrad\/wp-content\/uploads\/2013\/01\/HZP_190821_Alfons_002_WEB-1200x1705.jpg 1200w, https:\/\/www.estrad.fi\/barnensestrad\/wp-content\/uploads\/2013\/01\/HZP_190821_Alfons_002_WEB-600x853.jpg 600w, https:\/\/www.estrad.fi\/barnensestrad\/wp-content\/uploads\/2013\/01\/HZP_190821_Alfons_002_WEB.jpg 1441w\" sizes=\"auto, (max-width: 709px) 85vw, (max-width: 909px) 67vw, (max-width: 984px) 61vw, (max-width: 1362px) 45vw, 600px\" \/><\/a><br \/>\n<\/em><\/p>\n<p>&nbsp;<\/p>\n<p>&nbsp;<\/p>\n","protected":false},"featured_media":2741,"menu_order":0,"template":"","meta":{"editor_plus_copied_stylings":"{}","_price":"","_stock":"","_tribe_ticket_header":"","_tribe_default_ticket_provider":"","_tribe_ticket_capacity":"0","_ticket_start_date":"","_ticket_end_date":"","_tribe_ticket_show_description":"","_tribe_ticket_show_not_going":false,"_tribe_ticket_use_global_stock":"","_tribe_ticket_global_stock_level":"","_global_stock_mode":"","_global_stock_cap":"","_tribe_rsvp_for_event":"","_tribe_ticket_going_count":"","_tribe_ticket_not_going_count":"","_tribe_tickets_list":"[]","_tribe_ticket_has_attendee_info_fields":false},"categories":[6],"class_list":["post-2740","aktuellt","type-aktuellt","status-publish","has-post-thumbnail","hentry","category-vilande"],"_links":{"self":[{"href":"https:\/\/www.estrad.fi\/barnensestrad\/wp-json\/wp\/v2\/aktuellt\/2740","targetHints":{"allow":["GET"]}}],"collection":[{"href":"https:\/\/www.estrad.fi\/barnensestrad\/wp-json\/wp\/v2\/aktuellt"}],"about":[{"href":"https:\/\/www.estrad.fi\/barnensestrad\/wp-json\/wp\/v2\/types\/aktuellt"}],"wp:featuredmedia":[{"embeddable":true,"href":"https:\/\/www.estrad.fi\/barnensestrad\/wp-json\/wp\/v2\/media\/2741"}],"wp:attachment":[{"href":"https:\/\/www.estrad.fi\/barnensestrad\/wp-json\/wp\/v2\/media?parent=2740"}],"wp:term":[{"taxonomy":"category","embeddable":true,"href":"https:\/\/www.estrad.fi\/barnensestrad\/wp-json\/wp\/v2\/categories?post=2740"}],"curies":[{"name":"wp","href":"https:\/\/api.w.org\/{rel}","templated":true}]}}

<p>Rakastettuihin Mikko Mallikas-kirjoihoin perustuvassa,<br />
lapsille suunnatussa näytelmässä, koko perheellä on mahdollisuus<br />
päästä mukaan aitoon Mikko Mallikas -tunnelmaan.</p>
<p><strong>Dramatisointi</strong>: Gunilla Bergströmin kirjoista, Henrik Grönroos<br />
<strong>Ohjaus</strong>: Samuel Karlsson<br />
<strong>Käännös: </strong>Sanna Uimonen<strong><br />
Musiikki</strong>: Georg Riedel, Stefan &#8221;Kilju&#8221; Lindblom ja Anders Grönroos<br />
<strong>Musiikin sovittaminen: </strong>Stefan &#8221;Kilju&#8221; Lindblom<strong><br />
Puvustus: </strong>Sonja Dragon<strong><br />
Lavastus, kuva: </strong>Lasse Andersson<br />
<strong>Grafiikka: </strong>Line Grön<strong><br />
</strong><b>Rooleissa</b>: Matilda Anttila/Catrine Krusberg ja Teemu Kippola<br />
<strong>Kustantamo</strong>: Bok-Makaren AB<br />
<strong>Tuottaja: </strong>Anders Grönroos<strong><br />
</strong><b>Yleisö</b>: 2-7-åringar perheineen<br />
<strong>Kesto</strong>: n. 35 minuuttia</p>
<p>&nbsp;</p>
<p><em><a href="https://www.estrad.fi/barnensestrad/wp-content/uploads/2013/01/HZP_190821_Alfons_002_WEB.jpg"><img loading="lazy" decoding="async" class="alignleft wp-image-2727 size-large" src="https://www.estrad.fi/barnensestrad/wp-content/uploads/2013/01/HZP_190821_Alfons_002_WEB-721x1024.jpg" alt="" width="721" height="1024" srcset="https://www.estrad.fi/barnensestrad/wp-content/uploads/2013/01/HZP_190821_Alfons_002_WEB-721x1024.jpg 721w, https://www.estrad.fi/barnensestrad/wp-content/uploads/2013/01/HZP_190821_Alfons_002_WEB-211x300.jpg 211w, https://www.estrad.fi/barnensestrad/wp-content/uploads/2013/01/HZP_190821_Alfons_002_WEB-768x1092.jpg 768w, https://www.estrad.fi/barnensestrad/wp-content/uploads/2013/01/HZP_190821_Alfons_002_WEB-1200x1705.jpg 1200w, https://www.estrad.fi/barnensestrad/wp-content/uploads/2013/01/HZP_190821_Alfons_002_WEB-600x853.jpg 600w, https://www.estrad.fi/barnensestrad/wp-content/uploads/2013/01/HZP_190821_Alfons_002_WEB.jpg 1441w" sizes="auto, (max-width: 709px) 85vw, (max-width: 909px) 67vw, (max-width: 984px) 61vw, (max-width: 1362px) 45vw, 600px" /></a><br />
</em></p>
<p>&nbsp;</p>
<p>&nbsp;</p>
