{"id":4227,"date":"2021-10-22T12:58:55","date_gmt":"2021-10-22T09:58:55","guid":{"rendered":"https:\/\/www.estrad.fi\/barnensestrad\/?post_type=aktuellt&#038;p=4227"},"modified":"2022-01-25T13:16:09","modified_gmt":"2022-01-25T11:16:09","slug":"mimmi-lehman-ja-variksen-joulu-2021","status":"publish","type":"aktuellt","link":"https:\/\/www.estrad.fi\/barnensestrad\/aktuellt\/mimmi-lehman-ja-variksen-joulu-2021\/","title":{"rendered":"Mimmi Lehm\u00e4n ja Variksen joulu, 2021"},"content":{"rendered":"<p><span style=\"font-size: large;\"><strong>Mimmi Lehm\u00e4n ja Variksen joulu<a href=\"https:\/\/www.estrad.fi\/barnensestrad\/wp-content\/uploads\/2013\/01\/Mu-i-julkok_org.jpg\"><img loading=\"lazy\" decoding=\"async\" class=\"alignright wp-image-2472 size-large\" src=\"https:\/\/www.estrad.fi\/barnensestrad\/wp-content\/uploads\/2013\/01\/Mu-i-julkok_org-860x1024.jpg\" alt=\"\" width=\"840\" height=\"1000\" srcset=\"https:\/\/www.estrad.fi\/barnensestrad\/wp-content\/uploads\/2013\/01\/Mu-i-julkok_org-860x1024.jpg 860w, https:\/\/www.estrad.fi\/barnensestrad\/wp-content\/uploads\/2013\/01\/Mu-i-julkok_org-252x300.jpg 252w, https:\/\/www.estrad.fi\/barnensestrad\/wp-content\/uploads\/2013\/01\/Mu-i-julkok_org-768x914.jpg 768w, https:\/\/www.estrad.fi\/barnensestrad\/wp-content\/uploads\/2013\/01\/Mu-i-julkok_org-1200x1429.jpg 1200w, https:\/\/www.estrad.fi\/barnensestrad\/wp-content\/uploads\/2013\/01\/Mu-i-julkok_org-600x714.jpg 600w\" sizes=\"auto, (max-width: 709px) 85vw, (max-width: 909px) 67vw, (max-width: 1362px) 62vw, 840px\" \/><\/a><\/strong><\/span><\/p>\n<p>Nyt teatteriyleis\u00f6 saa osallistua n\u00e4ihin mukaviin tarinoihin, kun Mimmi Lehm\u00e4 ja Varis juhlivat Luciaa ja joulua. Kyseess\u00e4 on hauska ja tunnelmallinen n\u00e4ytelm\u00e4, joka kertoo omintakeisesta parivaljakosta &#8211; toistensa parhaista yst\u00e4vist\u00e4 &#8211; ja heid\u00e4n joulunvietostaan.<\/p>\n<p><strong>Dramatisointi<\/strong>: Juija ja Tomas Wieslanderin kirjoista Bobo Lund\u00e9n<br \/>\n<strong>Suomennos<\/strong>: Mirja Hovila<br \/>\n<strong>Ohjaus<\/strong>: Henrik Gr\u00f6nroos<br \/>\n<strong>Puvustus:\u00a0<\/strong>Sonja Dragon<br \/>\n<strong>Lavastus, kuva &amp; grafiikka:\u00a0<\/strong>Lasse Andersson<br \/>\n<strong>Musiikki: <\/strong>Stefan &#8221;Kilju&#8221; Lindblom ja Anders Gr\u00f6nroos<br \/>\n<strong>Rooleissa<\/strong>: Matilda Anttila, Catrine Krusberg ja Anders Gr\u00f6nroos (muusikko).<br \/>\n<strong>Kustantamo<\/strong>: Draken Teaterf\u00f6rlag<br \/>\n<strong>Yleis\u00f6<\/strong>: 2-8-vuotiaat perheineen.<br \/>\n<strong>Kesto<\/strong>: c. 35 minuuttia.<br \/>\n<strong>Tuottaja<\/strong>: Anders Gr\u00f6nroos<\/p>\n<p>___________________<\/p>\n<p>Yhteistiedot:<br \/>\nLasten Estradi<br \/>\nAnders Gr\u00f6nroos<br \/>\ntfn. 0400-531770<br \/>\ne-post: anders(a)estrad.fi<br \/>\n___________________<\/p>\n<p><strong><span style=\"color: #0000ff;\"><br \/>\n<\/span><\/strong><span style=\"color: #000000;\"><span style=\"font-size: small;\"><span style=\"font-size: medium;\"><strong>Suomenkielinen esitys:<br \/>\nTO 25.11.2021 klo. 17.30-18.10 KARJAA, Tryckeriteatern<br \/>\n<\/strong>Mimmi Lehm\u00e4n ja Variksen joulu<br \/>\nLiput <a href=\"https:\/\/www.netticket.fi\/mimmi-lehma-mamma-mu-karis\" target=\"_blank\" rel=\"noopener\">t\u00e4st\u00e4<\/a>.<\/span><\/span><\/span><\/p>\n<p><strong>Suomenkielinen esitys:<br \/>\nLA 27.11.2021 klo. 16.15-16.55 PORVOO, Kulttuuritalo Grand, <span style=\"color: #ff0000;\">Loppuunmyyty<\/span><br \/>\n<\/strong>Mimmi Lehm\u00e4n ja Variksen joulu\u00a0<strong><br \/>\n<\/strong>Liput: 12,50 \u20ac (0-1-vuotiaat sylilapset ilmaiseksi )<br \/>\nLiput <a href=\"https:\/\/grand.fi\/sv\/events\/mimmi-lehman-ja-variksen-joulu\/\" target=\"_blank\" rel=\"noopener\">t\u00e4st\u00e4<\/a>.<\/p>\n<p><strong>Suomenkielinen esitys:<br \/>\nSU 28.11.2021 klo. 16.15-16.50 PARAINEN, <span style=\"color: #ff0000;\">Turvallinen ulkoesitys!<\/span><br \/>\nPuntin kulttuurisalin ulkopuolella.<\/strong><br \/>\nMimmi Lehm\u00e4n ja Variksen joulu<br \/>\nLiput ennakkoon: 12,50 \u20ac Ostakaa liput <a href=\"https:\/\/www.estrad.fi\/barnensestrad\/butik\/\" target=\"_blank\" rel=\"noopener\">t\u00e4st\u00e4<\/a>.<br \/>\nOvelta: 15 \u20ac.<br \/>\n0-1-vuotiaat ilmaiseksi.<\/p>\n<p><strong>Suomenkielinen esitys:<br \/>\nTO 2.12.2021 klo. 18.30-19.10 PIETARSAARI, Shaumansali<\/strong><br \/>\nYhteisty\u00f6ss\u00e4 Pietarsaaren kaupungin kanssa.<br \/>\nLiput: 11,50 \u20ac (sis toim.maksu), 0-1-vuotiaat sylilapset ilmaiseksi.<br \/>\nOstakaa liput <a href=\"https:\/\/www.netticket.fi\/barnens-estrad-lasten-estradi-jakobstad\" target=\"_blank\" rel=\"noopener\">t\u00e4st\u00e4<\/a>.<\/p>\n<p><strong>Suomenkielinen esitys:<br \/>\nSU 5.12.2021 klo. 16.30-17.10 VAASA, Ritz<\/strong><br \/>\nMimmi Lehm\u00e4n ja Variksen joulu<br \/>\nLiput: 14 \u20ac (sis toim.maksu), ryhm\u00e4lippu: 5 henk:\u00a0 60 \u20ac<br \/>\n1-vuotiaat sylilapset ilmaiseksi.<br \/>\nOstakaa liput <a href=\"https:\/\/www.netticket.fi\/mimmi-lehma-mamma-mu?language=fi\" target=\"_blank\" rel=\"noopener\">t\u00e4st\u00e4<\/a>.<\/p>\n<p><span style=\"color: #000000;\"><strong><span style=\"color: #0000ff;\"><span style=\"color: #ff6600;\">Yleis\u00f6n\u00a0 (yli 16-vuotiaat) tulee esitt\u00e4\u00e4 n k koronpassi. <\/span><br \/>\n<span style=\"color: #ff6600;\">Passin saa\u00a0 tulostettua https:\/\/www.kanta.fi\/koronapassi sivulta tai sen voi ladata tiedostona matkapuhelimeen.<\/span><\/span><\/strong><\/span><\/p>\n<p><span style=\"color: #000000;\"><strong>Suomenkielinen esitys:<br \/>\nLA 11.12.2021 klo. 11.15-11.50 HANKO, Kaupungintalon juhlasali<\/strong><\/span><br \/>\n<span style=\"color: #000000;\"><span style=\"font-size: small;\"><span style=\"font-size: medium;\">Mimmi Lehm\u00e4n ja Variksen joulu<\/span><\/span><span style=\"font-size: small;\"><span style=\"font-size: medium;\"><br \/>\n<\/span><\/span><em><span style=\"font-size: small;\"><span style=\"font-size: medium;\"><span style=\"color: #008000;\">Osta\u00a0liput ennakkoon\u00a0netist\u00e4 edullisemmin!<\/span><br \/>\nLiput ennakkoon: 12,50 \u20ac Ostakaa liput <a style=\"color: #000000;\" href=\"https:\/\/www.estrad.fi\/barnensestrad\/butik\/\" target=\"_blank\" rel=\"noopener\">t\u00e4st\u00e4<\/a>.<br \/>\nOvelta: 15 \u20ac.<br \/>\n0-1-vuotiaat sylilapset ilmaiseksi.\u00a0<\/span><\/span><\/em><\/span><\/p>\n<p><strong>Suomenkielinen esitys:<br \/>\nSU 12.12.2021 klo. 16.15-17 TURKU, \u00c5bo Svenska Teater,<br \/>\nTurun ruotsalainen teatteri, Studion\u00e4ytt\u00e4m\u00f6 &#8211; Eerikinkatu 13B, 4:kerros.<\/strong><br \/>\nMimmi Lehm\u00e4n ja Variksen joulu<br \/>\n<span style=\"color: #008000;\">Osta\u00a0liput ennakkoon\u00a0netist\u00e4 edullisemmin!<\/span><br \/>\nLiput ennakkoon: 12,50 \u20ac Ostakaa liput <a href=\"https:\/\/www.estrad.fi\/barnensestrad\/butik\/\" target=\"_blank\" rel=\"noopener\">t\u00e4st\u00e4<\/a>.<br \/>\nOvelta: 15 \u20ac.<br \/>\n0-1-vuotiaat sylilapset ilmaiseksi.<\/p>\n<p>&nbsp;<\/p>\n<p>Ruotsinkieliset <a href=\"https:\/\/www.estrad.fi\/barnensestrad\/aktuellt\/mamma-mu-och-krakan-firar-jul-24-11-18-12-2021\/\">esitykset<\/a>.<\/p>\n<p><a href=\"https:\/\/www.estrad.fi\/barnensestrad\/wp-content\/uploads\/2013\/01\/StudioS_181201_MammaMu_018_WEBfix01.jpg\"><img loading=\"lazy\" decoding=\"async\" class=\"alignright wp-image-2474 size-large\" src=\"https:\/\/www.estrad.fi\/barnensestrad\/wp-content\/uploads\/2013\/01\/StudioS_181201_MammaMu_018_WEBfix01-829x1024.jpg\" alt=\"\" width=\"829\" height=\"1024\" srcset=\"https:\/\/www.estrad.fi\/barnensestrad\/wp-content\/uploads\/2013\/01\/StudioS_181201_MammaMu_018_WEBfix01-829x1024.jpg 829w, https:\/\/www.estrad.fi\/barnensestrad\/wp-content\/uploads\/2013\/01\/StudioS_181201_MammaMu_018_WEBfix01-243x300.jpg 243w, https:\/\/www.estrad.fi\/barnensestrad\/wp-content\/uploads\/2013\/01\/StudioS_181201_MammaMu_018_WEBfix01-768x949.jpg 768w, https:\/\/www.estrad.fi\/barnensestrad\/wp-content\/uploads\/2013\/01\/StudioS_181201_MammaMu_018_WEBfix01-1200x1483.jpg 1200w, https:\/\/www.estrad.fi\/barnensestrad\/wp-content\/uploads\/2013\/01\/StudioS_181201_MammaMu_018_WEBfix01-600x742.jpg 600w, https:\/\/www.estrad.fi\/barnensestrad\/wp-content\/uploads\/2013\/01\/StudioS_181201_MammaMu_018_WEBfix01.jpg 1492w\" sizes=\"auto, (max-width: 709px) 85vw, (max-width: 909px) 67vw, (max-width: 984px) 61vw, (max-width: 1362px) 45vw, 600px\" \/><\/a><\/p>\n<p>&nbsp;<\/p>\n<p>&nbsp;<\/p>\n","protected":false},"featured_media":2475,"menu_order":0,"template":"","meta":{"editor_plus_copied_stylings":"{}","_price":"","_stock":"","_tribe_ticket_header":"","_tribe_default_ticket_provider":"","_tribe_ticket_capacity":"0","_ticket_start_date":"","_ticket_end_date":"","_tribe_ticket_show_description":"","_tribe_ticket_show_not_going":false,"_tribe_ticket_use_global_stock":"","_tribe_ticket_global_stock_level":"","_global_stock_mode":"","_global_stock_cap":"","_tribe_rsvp_for_event":"","_tribe_ticket_going_count":"","_tribe_ticket_not_going_count":"","_tribe_tickets_list":"[]","_tribe_ticket_has_attendee_info_fields":false},"categories":[6],"class_list":["post-4227","aktuellt","type-aktuellt","status-publish","has-post-thumbnail","hentry","category-vilande"],"_links":{"self":[{"href":"https:\/\/www.estrad.fi\/barnensestrad\/wp-json\/wp\/v2\/aktuellt\/4227","targetHints":{"allow":["GET"]}}],"collection":[{"href":"https:\/\/www.estrad.fi\/barnensestrad\/wp-json\/wp\/v2\/aktuellt"}],"about":[{"href":"https:\/\/www.estrad.fi\/barnensestrad\/wp-json\/wp\/v2\/types\/aktuellt"}],"wp:featuredmedia":[{"embeddable":true,"href":"https:\/\/www.estrad.fi\/barnensestrad\/wp-json\/wp\/v2\/media\/2475"}],"wp:attachment":[{"href":"https:\/\/www.estrad.fi\/barnensestrad\/wp-json\/wp\/v2\/media?parent=4227"}],"wp:term":[{"taxonomy":"category","embeddable":true,"href":"https:\/\/www.estrad.fi\/barnensestrad\/wp-json\/wp\/v2\/categories?post=4227"}],"curies":[{"name":"wp","href":"https:\/\/api.w.org\/{rel}","templated":true}]}}

Mimmi Lehmän ja Variksen joulu, 2021

<p><span style="font-size: large;"><strong>Mimmi Lehmän ja Variksen joulu<a href="https://www.estrad.fi/barnensestrad/wp-content/uploads/2013/01/Mu-i-julkok_org.jpg"><img loading="lazy" decoding="async" class="alignright wp-image-2472 size-large" src="https://www.estrad.fi/barnensestrad/wp-content/uploads/2013/01/Mu-i-julkok_org-860x1024.jpg" alt="" width="840" height="1000" srcset="https://www.estrad.fi/barnensestrad/wp-content/uploads/2013/01/Mu-i-julkok_org-860x1024.jpg 860w, https://www.estrad.fi/barnensestrad/wp-content/uploads/2013/01/Mu-i-julkok_org-252x300.jpg 252w, https://www.estrad.fi/barnensestrad/wp-content/uploads/2013/01/Mu-i-julkok_org-768x914.jpg 768w, https://www.estrad.fi/barnensestrad/wp-content/uploads/2013/01/Mu-i-julkok_org-1200x1429.jpg 1200w, https://www.estrad.fi/barnensestrad/wp-content/uploads/2013/01/Mu-i-julkok_org-600x714.jpg 600w" sizes="auto, (max-width: 709px) 85vw, (max-width: 909px) 67vw, (max-width: 1362px) 62vw, 840px" /></a></strong></span></p>
<p>Nyt teatteriyleisö saa osallistua näihin mukaviin tarinoihin, kun Mimmi Lehmä ja Varis juhlivat Luciaa ja joulua. Kyseessä on hauska ja tunnelmallinen näytelmä, joka kertoo omintakeisesta parivaljakosta &#8211; toistensa parhaista ystävistä &#8211; ja heidän joulunvietostaan.</p>
<p><strong>Dramatisointi</strong>: Juija ja Tomas Wieslanderin kirjoista Bobo Lundén<br />
<strong>Suomennos</strong>: Mirja Hovila<br />
<strong>Ohjaus</strong>: Henrik Grönroos<br />
<strong>Puvustus: </strong>Sonja Dragon<br />
<strong>Lavastus, kuva &amp; grafiikka: </strong>Lasse Andersson<br />
<strong>Musiikki: </strong>Stefan &#8221;Kilju&#8221; Lindblom ja Anders Grönroos<br />
<strong>Rooleissa</strong>: Matilda Anttila, Catrine Krusberg ja Anders Grönroos (muusikko).<br />
<strong>Kustantamo</strong>: Draken Teaterförlag<br />
<strong>Yleisö</strong>: 2-8-vuotiaat perheineen.<br />
<strong>Kesto</strong>: c. 35 minuuttia.<br />
<strong>Tuottaja</strong>: Anders Grönroos</p>
<p>___________________</p>
<p>Yhteistiedot:<br />
Lasten Estradi<br />
Anders Grönroos<br />
tfn. 0400-531770<br />
e-post: anders(a)estrad.fi<br />
___________________</p>
<p><strong><span style="color: #0000ff;"><br />
</span></strong><span style="color: #000000;"><span style="font-size: small;"><span style="font-size: medium;"><strong>Suomenkielinen esitys:<br />
TO 25.11.2021 klo. 17.30-18.10 KARJAA, Tryckeriteatern<br />
</strong>Mimmi Lehmän ja Variksen joulu<br />
Liput <a href="https://www.netticket.fi/mimmi-lehma-mamma-mu-karis" target="_blank" rel="noopener">tästä</a>.</span></span></span></p>
<p><strong>Suomenkielinen esitys:<br />
LA 27.11.2021 klo. 16.15-16.55 PORVOO, Kulttuuritalo Grand, <span style="color: #ff0000;">Loppuunmyyty</span><br />
</strong>Mimmi Lehmän ja Variksen joulu <strong><br />
</strong>Liput: 12,50 € (0-1-vuotiaat sylilapset ilmaiseksi )<br />
Liput <a href="https://grand.fi/sv/events/mimmi-lehman-ja-variksen-joulu/" target="_blank" rel="noopener">tästä</a>.</p>
<p><strong>Suomenkielinen esitys:<br />
SU 28.11.2021 klo. 16.15-16.50 PARAINEN, <span style="color: #ff0000;">Turvallinen ulkoesitys!</span><br />
Puntin kulttuurisalin ulkopuolella.</strong><br />
Mimmi Lehmän ja Variksen joulu<br />
Liput ennakkoon: 12,50 € Ostakaa liput <a href="https://www.estrad.fi/barnensestrad/butik/" target="_blank" rel="noopener">tästä</a>.<br />
Ovelta: 15 €.<br />
0-1-vuotiaat ilmaiseksi.</p>
<p><strong>Suomenkielinen esitys:<br />
TO 2.12.2021 klo. 18.30-19.10 PIETARSAARI, Shaumansali</strong><br />
Yhteistyössä Pietarsaaren kaupungin kanssa.<br />
Liput: 11,50 € (sis toim.maksu), 0-1-vuotiaat sylilapset ilmaiseksi.<br />
Ostakaa liput <a href="https://www.netticket.fi/barnens-estrad-lasten-estradi-jakobstad" target="_blank" rel="noopener">tästä</a>.</p>
<p><strong>Suomenkielinen esitys:<br />
SU 5.12.2021 klo. 16.30-17.10 VAASA, Ritz</strong><br />
Mimmi Lehmän ja Variksen joulu<br />
Liput: 14 € (sis toim.maksu), ryhmälippu: 5 henk:  60 €<br />
1-vuotiaat sylilapset ilmaiseksi.<br />
Ostakaa liput <a href="https://www.netticket.fi/mimmi-lehma-mamma-mu?language=fi" target="_blank" rel="noopener">tästä</a>.</p>
<p><span style="color: #000000;"><strong><span style="color: #0000ff;"><span style="color: #ff6600;">Yleisön  (yli 16-vuotiaat) tulee esittää n k koronpassi. </span><br />
<span style="color: #ff6600;">Passin saa  tulostettua https://www.kanta.fi/koronapassi sivulta tai sen voi ladata tiedostona matkapuhelimeen.</span></span></strong></span></p>
<p><span style="color: #000000;"><strong>Suomenkielinen esitys:<br />
LA 11.12.2021 klo. 11.15-11.50 HANKO, Kaupungintalon juhlasali</strong></span><br />
<span style="color: #000000;"><span style="font-size: small;"><span style="font-size: medium;">Mimmi Lehmän ja Variksen joulu</span></span><span style="font-size: small;"><span style="font-size: medium;"><br />
</span></span><em><span style="font-size: small;"><span style="font-size: medium;"><span style="color: #008000;">Osta liput ennakkoon netistä edullisemmin!</span><br />
Liput ennakkoon: 12,50 € Ostakaa liput <a style="color: #000000;" href="https://www.estrad.fi/barnensestrad/butik/" target="_blank" rel="noopener">tästä</a>.<br />
Ovelta: 15 €.<br />
0-1-vuotiaat sylilapset ilmaiseksi. </span></span></em></span></p>
<p><strong>Suomenkielinen esitys:<br />
SU 12.12.2021 klo. 16.15-17 TURKU, Åbo Svenska Teater,<br />
Turun ruotsalainen teatteri, Studionäyttämö &#8211; Eerikinkatu 13B, 4:kerros.</strong><br />
Mimmi Lehmän ja Variksen joulu<br />
<span style="color: #008000;">Osta liput ennakkoon netistä edullisemmin!</span><br />
Liput ennakkoon: 12,50 € Ostakaa liput <a href="https://www.estrad.fi/barnensestrad/butik/" target="_blank" rel="noopener">tästä</a>.<br />
Ovelta: 15 €.<br />
0-1-vuotiaat sylilapset ilmaiseksi.</p>
<p>&nbsp;</p>
<p>Ruotsinkieliset <a href="https://www.estrad.fi/barnensestrad/aktuellt/mamma-mu-och-krakan-firar-jul-24-11-18-12-2021/">esitykset</a>.</p>
<p><a href="https://www.estrad.fi/barnensestrad/wp-content/uploads/2013/01/StudioS_181201_MammaMu_018_WEBfix01.jpg"><img loading="lazy" decoding="async" class="alignright wp-image-2474 size-large" src="https://www.estrad.fi/barnensestrad/wp-content/uploads/2013/01/StudioS_181201_MammaMu_018_WEBfix01-829x1024.jpg" alt="" width="829" height="1024" srcset="https://www.estrad.fi/barnensestrad/wp-content/uploads/2013/01/StudioS_181201_MammaMu_018_WEBfix01-829x1024.jpg 829w, https://www.estrad.fi/barnensestrad/wp-content/uploads/2013/01/StudioS_181201_MammaMu_018_WEBfix01-243x300.jpg 243w, https://www.estrad.fi/barnensestrad/wp-content/uploads/2013/01/StudioS_181201_MammaMu_018_WEBfix01-768x949.jpg 768w, https://www.estrad.fi/barnensestrad/wp-content/uploads/2013/01/StudioS_181201_MammaMu_018_WEBfix01-1200x1483.jpg 1200w, https://www.estrad.fi/barnensestrad/wp-content/uploads/2013/01/StudioS_181201_MammaMu_018_WEBfix01-600x742.jpg 600w, https://www.estrad.fi/barnensestrad/wp-content/uploads/2013/01/StudioS_181201_MammaMu_018_WEBfix01.jpg 1492w" sizes="auto, (max-width: 709px) 85vw, (max-width: 909px) 67vw, (max-width: 984px) 61vw, (max-width: 1362px) 45vw, 600px" /></a></p>
<p>&nbsp;</p>
<p>&nbsp;</p>
