{"id":4664,"date":"2021-12-15T13:39:44","date_gmt":"2021-12-15T11:39:44","guid":{"rendered":"https:\/\/www.estrad.fi\/barnensestrad\/?post_type=aktuellt&#038;p=4664"},"modified":"2026-02-20T16:33:04","modified_gmt":"2026-02-20T14:33:04","slug":"alfons-och-mallgan-2","status":"publish","type":"aktuellt","link":"https:\/\/www.estrad.fi\/barnensestrad\/aktuellt\/alfons-och-mallgan-2\/","title":{"rendered":"Alfons och M\u00e5llgan"},"content":{"rendered":"<p><em>Alfons och M\u00e5llgan \u00e4r en h\u00e4rlig, musikalisk och rolig pj\u00e4s med den speciella Alfons-st\u00e4mning som gjort honom s\u00e5 popul\u00e4r.<br \/>\nPj\u00e4sen bygger p\u00e5 tre Alfonsber\u00e4ttelser och \u00e4r skriven i samarbete med Alfons f\u00f6rfattare Gunilla Bergstr\u00f6m.<br \/>\nAlfons och M\u00e5llgan \u00e4r mycket omtyckt av barnpubliken och visar att ocks\u00e5 dagens barn uppskattar en finurlig historia ber\u00e4ttad i ett lugnt tempo.\u00a0<\/em><\/p>\n<p><strong>Dramatisering<\/strong>: Henrik Gr\u00f6nroos i samarbete med Gunilla Bergstr\u00f6m<br \/>\n<strong>Regi<\/strong>: Samuel Karlsson<br \/>\n<strong>Musik<\/strong>: Georg Riedel, Stefan &#8221;Kilju&#8221; Lindblom och Anders Gr\u00f6nroos<br \/>\n<strong>Musikarrangemang och inspelning: <\/strong>Stefan &#8221;Kilju&#8221; Lindblom<strong><br \/>\nDr\u00e4kter: <\/strong>Sonja\u00a0Dragon<strong><br \/>\nDekor, foto &amp; grafik: <\/strong>Lasse Andersson<strong><br \/>\nI rollerna<\/strong>: Matilda Anttila\/Catrine Krusberg och Anders Gr\u00f6nroos<br \/>\n<strong>Producent: <\/strong>Anders Gr\u00f6nroos<strong><br \/>\nR\u00e4ttighetsbolag<\/strong>: Bok-Makaren AB<br \/>\n<strong>Publik<\/strong>: 2-7-\u00e5ringar med familjer<br \/>\n<strong>L\u00e4ngd<\/strong>: 30-35 minuter<\/p>\n<p>Teknisk raider finns <a href=\"https:\/\/www.estrad.fi\/barnensestrad\/wp-content\/uploads\/2021\/12\/01-Alfons-MikkoMallikas_Tekninen-raideri2022.pdf\" target=\"_blank\" rel=\"noopener\">h\u00e4r<\/a>.<\/p>\n<p>Pj\u00e4sen hade premi\u00e4r sommaren 2011 och har i olika etapper spelats \u00f6ver 380 g\u00e5nger.<br \/>\n<strong>Den turnerar med j\u00e4mna mellanrum, h\u00f6r g\u00e4rna av er f\u00f6r en en eller flera f\u00f6rest\u00e4llningar!<\/strong><\/p>\n<p>Sagt om <em>Alfons och M\u00e5llgan<\/em>:<br \/>\n<em>\u201dAlfons som spelas mycket charmigt av Carla Fri\u2026\u201d, \u201dAlfons och M\u00e5llgan \u00e4r en charmig liten f\u00f6rest\u00e4llning\u201d,<br \/>\n<\/em><em>&#8221;Det fungerar utm\u00e4rkt och skvallrar om en fin k\u00e4nsla f\u00f6r den speciella publiken\u201d,<br \/>\n<\/em><em>\u201dAnders G. \u00e4r v\u00e4rld f\u00f6r f\u00f6rest\u00e4llningen och lotsar chosefritt och elegant barnen in i teaterns v\u00e4rld\u201d,<br \/>\n\u201dOch barnen \u00e4r snabbt med p\u00e5 noterna\u201d<\/em><\/p>\n<p>Vi spelar b\u00e5de p\u00e5 daghem, skolor, bibliotek och i andra utrymmen.<br \/>\nVissa f\u00f6rest\u00e4llningar \u00e4r k\u00f6pta medan andra \u00e4r \u00f6ppna f\u00f6r allm\u00e4nheten.<br \/>\nDet g\u00e5r mycket bra att h\u00f6ra av er om ni vill k\u00f6pa in ett evenemang!<\/p>\n<p>Vi riktar oss till barn i alla \u00e5ldrar med sina familjer.<br \/>\nDet \u00e4r mycket barnv\u00e4nliga och trevliga evenemang.<\/p>\n<p>Kontakt:<br \/>\nAnders Gr\u00f6nroos<br \/>\ntfn. 0400-531770<br \/>\ne-post: anders@estrad.fi<br \/>\nwebb: www.estrad.fi<\/p>\n<p><a href=\"https:\/\/www.estrad.fi\/barnensestrad\/wp-content\/uploads\/2019\/08\/HZP_190821_Alfons_004.jpg\"><img loading=\"lazy\" decoding=\"async\" class=\"size-medium wp-image-2693\" src=\"https:\/\/www.estrad.fi\/barnensestrad\/wp-content\/uploads\/2019\/08\/HZP_190821_Alfons_004-200x300.jpg\" alt=\"\" width=\"200\" height=\"300\" srcset=\"https:\/\/www.estrad.fi\/barnensestrad\/wp-content\/uploads\/2019\/08\/HZP_190821_Alfons_004-200x300.jpg 200w, https:\/\/www.estrad.fi\/barnensestrad\/wp-content\/uploads\/2019\/08\/HZP_190821_Alfons_004-768x1151.jpg 768w, https:\/\/www.estrad.fi\/barnensestrad\/wp-content\/uploads\/2019\/08\/HZP_190821_Alfons_004-683x1024.jpg 683w, https:\/\/www.estrad.fi\/barnensestrad\/wp-content\/uploads\/2019\/08\/HZP_190821_Alfons_004-1200x1798.jpg 1200w, https:\/\/www.estrad.fi\/barnensestrad\/wp-content\/uploads\/2019\/08\/HZP_190821_Alfons_004-600x899.jpg 600w\" sizes=\"auto, (max-width: 200px) 85vw, 200px\" \/><\/a><\/p>\n<h1><img loading=\"lazy\" decoding=\"async\" class=\"wp-image-555 size-medium alignnone\" title=\"Alfons&amp;Mallgan02BarnensEstrad_CarlaFriAndersGronroos_FotoLasseAnderssonHenrikZoom\" src=\"https:\/\/www.estrad.fi\/barnensestrad\/wp-content\/uploads\/2011\/05\/AlfonsMallgan02BarnensEstrad_CarlaFriAndersGronroos_FotoLasseAnderssonHenrikZoom1-300x199.jpg\" width=\"300\" height=\"199\" srcset=\"https:\/\/www.estrad.fi\/barnensestrad\/wp-content\/uploads\/2011\/05\/AlfonsMallgan02BarnensEstrad_CarlaFriAndersGronroos_FotoLasseAnderssonHenrikZoom1-300x199.jpg 300w, https:\/\/www.estrad.fi\/barnensestrad\/wp-content\/uploads\/2011\/05\/AlfonsMallgan02BarnensEstrad_CarlaFriAndersGronroos_FotoLasseAnderssonHenrikZoom1.jpg 1000w\" sizes=\"auto, (max-width: 300px) 85vw, 300px\" \/><\/h1>\n","protected":false},"featured_media":1266,"menu_order":0,"template":"","meta":{"editor_plus_copied_stylings":"{}","_price":"","_stock":"","_tribe_ticket_header":"","_tribe_default_ticket_provider":"","_tribe_ticket_capacity":"0","_ticket_start_date":"","_ticket_end_date":"","_tribe_ticket_show_description":"","_tribe_ticket_show_not_going":false,"_tribe_ticket_use_global_stock":"","_tribe_ticket_global_stock_level":"","_global_stock_mode":"","_global_stock_cap":"","_tribe_rsvp_for_event":"","_tribe_ticket_going_count":"","_tribe_ticket_not_going_count":"","_tribe_tickets_list":"[]","_tribe_ticket_has_attendee_info_fields":false},"categories":[6],"class_list":["post-4664","aktuellt","type-aktuellt","status-publish","has-post-thumbnail","hentry","category-vilande"],"_links":{"self":[{"href":"https:\/\/www.estrad.fi\/barnensestrad\/wp-json\/wp\/v2\/aktuellt\/4664","targetHints":{"allow":["GET"]}}],"collection":[{"href":"https:\/\/www.estrad.fi\/barnensestrad\/wp-json\/wp\/v2\/aktuellt"}],"about":[{"href":"https:\/\/www.estrad.fi\/barnensestrad\/wp-json\/wp\/v2\/types\/aktuellt"}],"wp:featuredmedia":[{"embeddable":true,"href":"https:\/\/www.estrad.fi\/barnensestrad\/wp-json\/wp\/v2\/media\/1266"}],"wp:attachment":[{"href":"https:\/\/www.estrad.fi\/barnensestrad\/wp-json\/wp\/v2\/media?parent=4664"}],"wp:term":[{"taxonomy":"category","embeddable":true,"href":"https:\/\/www.estrad.fi\/barnensestrad\/wp-json\/wp\/v2\/categories?post=4664"}],"curies":[{"name":"wp","href":"https:\/\/api.w.org\/{rel}","templated":true}]}}

Alfons och Mållgan

<p><em>Alfons och Mållgan är en härlig, musikalisk och rolig pjäs med den speciella Alfons-stämning som gjort honom så populär.<br />
Pjäsen bygger på tre Alfonsberättelser och är skriven i samarbete med Alfons författare Gunilla Bergström.<br />
Alfons och Mållgan är mycket omtyckt av barnpubliken och visar att också dagens barn uppskattar en finurlig historia berättad i ett lugnt tempo. </em></p>
<p><strong>Dramatisering</strong>: Henrik Grönroos i samarbete med Gunilla Bergström<br />
<strong>Regi</strong>: Samuel Karlsson<br />
<strong>Musik</strong>: Georg Riedel, Stefan &#8221;Kilju&#8221; Lindblom och Anders Grönroos<br />
<strong>Musikarrangemang och inspelning: </strong>Stefan &#8221;Kilju&#8221; Lindblom<strong><br />
Dräkter: </strong>Sonja Dragon<strong><br />
Dekor, foto &amp; grafik: </strong>Lasse Andersson<strong><br />
I rollerna</strong>: Matilda Anttila/Catrine Krusberg och Anders Grönroos<br />
<strong>Producent: </strong>Anders Grönroos<strong><br />
Rättighetsbolag</strong>: Bok-Makaren AB<br />
<strong>Publik</strong>: 2-7-åringar med familjer<br />
<strong>Längd</strong>: 30-35 minuter</p>
<p>Teknisk raider finns <a href="https://www.estrad.fi/barnensestrad/wp-content/uploads/2021/12/01-Alfons-MikkoMallikas_Tekninen-raideri2022.pdf" target="_blank" rel="noopener">här</a>.</p>
<p>Pjäsen hade premiär sommaren 2011 och har i olika etapper spelats över 380 gånger.<br />
<strong>Den turnerar med jämna mellanrum, hör gärna av er för en en eller flera föreställningar!</strong></p>
<p>Sagt om <em>Alfons och Mållgan</em>:<br />
<em>”Alfons som spelas mycket charmigt av Carla Fri…”, ”Alfons och Mållgan är en charmig liten föreställning”,<br />
</em><em>&#8221;Det fungerar utmärkt och skvallrar om en fin känsla för den speciella publiken”,<br />
</em><em>”Anders G. är värld för föreställningen och lotsar chosefritt och elegant barnen in i teaterns värld”,<br />
”Och barnen är snabbt med på noterna”</em></p>
<p>Vi spelar både på daghem, skolor, bibliotek och i andra utrymmen.<br />
Vissa föreställningar är köpta medan andra är öppna för allmänheten.<br />
Det går mycket bra att höra av er om ni vill köpa in ett evenemang!</p>
<p>Vi riktar oss till barn i alla åldrar med sina familjer.<br />
Det är mycket barnvänliga och trevliga evenemang.</p>
<p>Kontakt:<br />
Anders Grönroos<br />
tfn. 0400-531770<br />
e-post: anders@estrad.fi<br />
webb: www.estrad.fi</p>
<p><a href="https://www.estrad.fi/barnensestrad/wp-content/uploads/2019/08/HZP_190821_Alfons_004.jpg"><img loading="lazy" decoding="async" class="size-medium wp-image-2693" src="https://www.estrad.fi/barnensestrad/wp-content/uploads/2019/08/HZP_190821_Alfons_004-200x300.jpg" alt="" width="200" height="300" srcset="https://www.estrad.fi/barnensestrad/wp-content/uploads/2019/08/HZP_190821_Alfons_004-200x300.jpg 200w, https://www.estrad.fi/barnensestrad/wp-content/uploads/2019/08/HZP_190821_Alfons_004-768x1151.jpg 768w, https://www.estrad.fi/barnensestrad/wp-content/uploads/2019/08/HZP_190821_Alfons_004-683x1024.jpg 683w, https://www.estrad.fi/barnensestrad/wp-content/uploads/2019/08/HZP_190821_Alfons_004-1200x1798.jpg 1200w, https://www.estrad.fi/barnensestrad/wp-content/uploads/2019/08/HZP_190821_Alfons_004-600x899.jpg 600w" sizes="auto, (max-width: 200px) 85vw, 200px" /></a></p>
<h1><img loading="lazy" decoding="async" class="wp-image-555 size-medium alignnone" title="Alfons&amp;Mallgan02BarnensEstrad_CarlaFriAndersGronroos_FotoLasseAnderssonHenrikZoom" src="https://www.estrad.fi/barnensestrad/wp-content/uploads/2011/05/AlfonsMallgan02BarnensEstrad_CarlaFriAndersGronroos_FotoLasseAnderssonHenrikZoom1-300x199.jpg" width="300" height="199" srcset="https://www.estrad.fi/barnensestrad/wp-content/uploads/2011/05/AlfonsMallgan02BarnensEstrad_CarlaFriAndersGronroos_FotoLasseAnderssonHenrikZoom1-300x199.jpg 300w, https://www.estrad.fi/barnensestrad/wp-content/uploads/2011/05/AlfonsMallgan02BarnensEstrad_CarlaFriAndersGronroos_FotoLasseAnderssonHenrikZoom1.jpg 1000w" sizes="auto, (max-width: 300px) 85vw, 300px" /></h1>
