{"id":6938,"date":"2023-05-16T11:30:30","date_gmt":"2023-05-16T08:30:30","guid":{"rendered":"https:\/\/www.estrad.fi\/barnensestrad\/?post_type=aktuellt&#038;p=6938"},"modified":"2026-04-23T14:32:39","modified_gmt":"2026-04-23T11:32:39","slug":"rosa-indigo","status":"publish","type":"aktuellt","link":"https:\/\/www.estrad.fi\/barnensestrad\/aktuellt\/rosa-indigo\/","title":{"rendered":"Rosa Indigo"},"content":{"rendered":"<div>\n<p><span style=\"font-weight: 400;\"><a href=\"https:\/\/www.estrad.fi\/barnensestrad\/wp-content\/uploads\/2023\/05\/SR_Rosaindigo_Bild1_large.jpg\"><img loading=\"lazy\" decoding=\"async\" class=\"alignleft size-large wp-image-8241\" src=\"https:\/\/www.estrad.fi\/barnensestrad\/wp-content\/uploads\/2023\/05\/SR_Rosaindigo_Bild1_large-1024x683.jpg\" alt=\"\" width=\"840\" height=\"560\" srcset=\"https:\/\/www.estrad.fi\/barnensestrad\/wp-content\/uploads\/2023\/05\/SR_Rosaindigo_Bild1_large-1024x683.jpg 1024w, https:\/\/www.estrad.fi\/barnensestrad\/wp-content\/uploads\/2023\/05\/SR_Rosaindigo_Bild1_large-300x200.jpg 300w, https:\/\/www.estrad.fi\/barnensestrad\/wp-content\/uploads\/2023\/05\/SR_Rosaindigo_Bild1_large-768x512.jpg 768w, https:\/\/www.estrad.fi\/barnensestrad\/wp-content\/uploads\/2023\/05\/SR_Rosaindigo_Bild1_large-1536x1024.jpg 1536w, https:\/\/www.estrad.fi\/barnensestrad\/wp-content\/uploads\/2023\/05\/SR_Rosaindigo_Bild1_large-1200x800.jpg 1200w, https:\/\/www.estrad.fi\/barnensestrad\/wp-content\/uploads\/2023\/05\/SR_Rosaindigo_Bild1_large-600x400.jpg 600w, https:\/\/www.estrad.fi\/barnensestrad\/wp-content\/uploads\/2023\/05\/SR_Rosaindigo_Bild1_large.jpg 2048w\" sizes=\"auto, (max-width: 709px) 85vw, (max-width: 909px) 67vw, (max-width: 1362px) 62vw, 840px\" \/><\/a><\/span><\/p>\n<p><span style=\"font-weight: 400;\"><br \/>\n30.8.2023 hade vi premi\u00e4r p\u00e5 v\u00e5r nyskrivna pj\u00e4s: Rosa Indigo!<br \/>\nEn musikalisk och interaktiv f\u00f6rest\u00e4llning med mycket dans som riktar sig till 6-9 \u00e5ringar.<\/span><\/p>\n<p><span style=\"font-weight: 400;\"><br \/>\n<strong>Rosa Indigo &#8211; Mini<\/strong><br \/>\nDu \u00e4r bra som du \u00e4r!<\/span><\/p>\n<p>Den h\u00e4r f\u00f6rest\u00e4llningen handlar om Alissa Adrenalin och Roya Remix, som tillsammans utg\u00f6r popgruppen Rosa Indigo. Ofta j\u00e4mf\u00f6r de sig med varandra och de har sv\u00e5rt att se det fina i sig sj\u00e4lv.<br \/>\nDenna intrigfyllda musikteaterf\u00f6rest\u00e4llning drar med dig i popmusikens v\u00e4rld och vi f\u00e5r vara med om att se hurAlissa och Roya l\u00e4r sig \u00f6verkomma sina trubbel.<br \/>\nH\u00e4r \u00e4r det till\u00e5tet att dansa med!<\/p>\n<p>Den har viktiga teman: R\u00f6relsegl\u00e4dje och allas lika v\u00e4rde.<br \/>\n<span style=\"font-weight: 400;\">I f\u00f6rest\u00e4llningen ing\u00e5r nyskriven K-pop inspirerad musik.<br \/>\n<em>I februari 2024 hade en tv\u00e5spr\u00e5kig version premi\u00e4r, dvs. den spelas antingen p\u00e5 svenska eller totalt tv\u00e5spr\u00e5kigt.<\/em><\/span><\/p>\n<\/div>\n<div><\/div>\n<p><strong>S\u00e5ngerna fr\u00e5n f\u00f6rest\u00e4llningen finns h\u00e4r:<br \/>\n<a href=\"https:\/\/www.estrad.fi\/barnensestrad\/wp-content\/uploads\/2024\/01\/01_RosaIndigo_RosaIndigo_BarnensEstrad.mp3\" target=\"_blank\" rel=\"noopener\">Rosa Indigo<\/a><br \/>\n<a href=\"https:\/\/www.estrad.fi\/barnensestrad\/wp-content\/uploads\/2024\/01\/02_HurJobbigtKanDeVa_RosaIndigo_BarnensEstrad.mp3\" target=\"_blank\" rel=\"noopener\">Hur jobbigt kan det v\u00e1<\/a><br \/>\n<a href=\"https:\/\/www.estrad.fi\/barnensestrad\/wp-content\/uploads\/2024\/01\/03_DuEBra_RosaIndigo_BarnensEstrad.mp3\" target=\"_blank\" rel=\"noopener\">Du \u00e4r bra!<\/a><\/strong><\/p>\n<p><strong>Manus, regi &amp; koreografi &#8211; K\u00e4sikirjoitus, ohjaus &amp; koreografia:<\/strong> Matilda Anttila<strong><br \/>\nMusik &#8211; Musiikki<\/strong>: Rebecka Sretenovic &amp; Thomas Nylund<br \/>\n<strong>S\u00e5ngtexter &#8211; Laulujen sanoitus: <\/strong>Rebecka Sretenovic<br \/>\n<strong>S\u00e5ngtexternas \u00f6vers\u00e4ttning till finska &#8211; Laulujen k\u00e4\u00e4nn\u00f6s: <\/strong>Petra Rauhala<strong><br \/>\nMusikproducent &#8211; Musiikkituotanto<\/strong>: Thomas Nylund<br \/>\n<strong>Dr\u00e4kter &#8211; Puvut: <\/strong>Sonja\u00a0Dragon<strong><br \/>\nIllustration &amp; scenografi &#8211; Kuvitus &amp; lavasteet: <\/strong>Line Gr\u00f6n<strong><br \/>\nFoto &amp; scenografibygge &#8211; Valokuvaus &amp; lavasterakennus: <\/strong>Lasse Andersson<strong><br \/>\nI rollerna &#8211; Rooleissa<\/strong>: Petra Rauhala &amp; Lina Johansson<br \/>\n<strong>Koncept, producent &#8211; Konsepti, tuottaja: <\/strong>Anders Gr\u00f6nroos<strong><br \/>\nPublik &#8211; Yleis\u00f6<\/strong>: 5-9 \u00e5ringar\/vuotiaat<br \/>\n<strong>L\u00e4ngd &#8211; Kesto<\/strong>: 35 min.<\/p>\n<p><strong>Rosa Indigo<br \/>\n<\/strong>Sin\u00e4 olet hyv\u00e4!<\/p>\n<p>T\u00e4m\u00e4 esitys kertoo Alissa Adrenaliinista ja Roya Remixist\u00e4, jotka yhdess\u00e4 muodostavat Rosa Indigo pop-ryhm\u00e4n.<br \/>\nKesken konsertin kulissien takaiset k\u00e4rh\u00e4m\u00e4t nostavat p\u00e4\u00e4t\u00e4\u00e4n.<br \/>\nPystyv\u00e4tk\u00f6 Alissa ja Roya lopulta olla vertailematta itse\u00e4\u00e4n toisiin ja arvostamaan omia vahvuuksiaan?<br \/>\nT\u00e4m\u00e4 tapahtumant\u00e4yteinen musiikkiteatteriesitys vie sinut matkalle pop-musiikin maailmaan.<br \/>\nSiell\u00e4 voi selvit\u00e4, ett\u00e4 muutkin voivat tuntea ep\u00e4varmuutta ja kuinka Alissa ja Roya lopulta l\u00f6yt\u00e4v\u00e4t yhteisen s\u00e4velen.<br \/>\nT\u00e4ss\u00e4 esityksess\u00e4 on sallittua tanssia mukana!<\/p>\n<p><strong>Kontakt:<br \/>\n<\/strong>Anders Gr\u00f6nroos<br \/>\ne-post: anders(a)estrad.fi<br \/>\ntfn. 0400-531770<br \/>\nwebb: www.estrad.fi<\/p>\n<p><a href=\"https:\/\/www.estrad.fi\/barnensestrad\/wp-content\/uploads\/2023\/05\/SR_230821_RosaIndigo_006_large.png\"><img loading=\"lazy\" decoding=\"async\" class=\"alignleft size-large wp-image-8242\" src=\"https:\/\/www.estrad.fi\/barnensestrad\/wp-content\/uploads\/2023\/05\/SR_230821_RosaIndigo_006_large-683x1024.png\" alt=\"\" width=\"683\" height=\"1024\" srcset=\"https:\/\/www.estrad.fi\/barnensestrad\/wp-content\/uploads\/2023\/05\/SR_230821_RosaIndigo_006_large-683x1024.png 683w, https:\/\/www.estrad.fi\/barnensestrad\/wp-content\/uploads\/2023\/05\/SR_230821_RosaIndigo_006_large-200x300.png 200w, https:\/\/www.estrad.fi\/barnensestrad\/wp-content\/uploads\/2023\/05\/SR_230821_RosaIndigo_006_large-768x1152.png 768w, https:\/\/www.estrad.fi\/barnensestrad\/wp-content\/uploads\/2023\/05\/SR_230821_RosaIndigo_006_large-1024x1536.png 1024w, https:\/\/www.estrad.fi\/barnensestrad\/wp-content\/uploads\/2023\/05\/SR_230821_RosaIndigo_006_large-1200x1800.png 1200w, https:\/\/www.estrad.fi\/barnensestrad\/wp-content\/uploads\/2023\/05\/SR_230821_RosaIndigo_006_large-600x900.png 600w, https:\/\/www.estrad.fi\/barnensestrad\/wp-content\/uploads\/2023\/05\/SR_230821_RosaIndigo_006_large.png 1365w\" sizes=\"auto, (max-width: 709px) 85vw, (max-width: 909px) 67vw, (max-width: 984px) 61vw, (max-width: 1362px) 45vw, 600px\" \/><\/a><\/p>\n<p><em>\u00a0<\/em><\/p>\n","protected":false},"featured_media":6942,"menu_order":0,"template":"","meta":{"editor_plus_copied_stylings":"{}","_price":"","_stock":"","_tribe_ticket_header":"","_tribe_default_ticket_provider":"","_tribe_ticket_capacity":"0","_ticket_start_date":"","_ticket_end_date":"","_tribe_ticket_show_description":"","_tribe_ticket_show_not_going":false,"_tribe_ticket_use_global_stock":"","_tribe_ticket_global_stock_level":"","_global_stock_mode":"","_global_stock_cap":"","_tribe_rsvp_for_event":"","_tribe_ticket_going_count":"","_tribe_ticket_not_going_count":"","_tribe_tickets_list":"[]","_tribe_ticket_has_attendee_info_fields":false},"categories":[5],"class_list":["post-6938","aktuellt","type-aktuellt","status-publish","has-post-thumbnail","hentry","category-aktuellt"],"_links":{"self":[{"href":"https:\/\/www.estrad.fi\/barnensestrad\/wp-json\/wp\/v2\/aktuellt\/6938","targetHints":{"allow":["GET"]}}],"collection":[{"href":"https:\/\/www.estrad.fi\/barnensestrad\/wp-json\/wp\/v2\/aktuellt"}],"about":[{"href":"https:\/\/www.estrad.fi\/barnensestrad\/wp-json\/wp\/v2\/types\/aktuellt"}],"wp:featuredmedia":[{"embeddable":true,"href":"https:\/\/www.estrad.fi\/barnensestrad\/wp-json\/wp\/v2\/media\/6942"}],"wp:attachment":[{"href":"https:\/\/www.estrad.fi\/barnensestrad\/wp-json\/wp\/v2\/media?parent=6938"}],"wp:term":[{"taxonomy":"category","embeddable":true,"href":"https:\/\/www.estrad.fi\/barnensestrad\/wp-json\/wp\/v2\/categories?post=6938"}],"curies":[{"name":"wp","href":"https:\/\/api.w.org\/{rel}","templated":true}]}}

<div>
<p><span style="font-weight: 400;"><a href="https://www.estrad.fi/barnensestrad/wp-content/uploads/2023/05/SR_Rosaindigo_Bild1_large.jpg"><img loading="lazy" decoding="async" class="alignleft size-large wp-image-8241" src="https://www.estrad.fi/barnensestrad/wp-content/uploads/2023/05/SR_Rosaindigo_Bild1_large-1024x683.jpg" alt="" width="840" height="560" srcset="https://www.estrad.fi/barnensestrad/wp-content/uploads/2023/05/SR_Rosaindigo_Bild1_large-1024x683.jpg 1024w, https://www.estrad.fi/barnensestrad/wp-content/uploads/2023/05/SR_Rosaindigo_Bild1_large-300x200.jpg 300w, https://www.estrad.fi/barnensestrad/wp-content/uploads/2023/05/SR_Rosaindigo_Bild1_large-768x512.jpg 768w, https://www.estrad.fi/barnensestrad/wp-content/uploads/2023/05/SR_Rosaindigo_Bild1_large-1536x1024.jpg 1536w, https://www.estrad.fi/barnensestrad/wp-content/uploads/2023/05/SR_Rosaindigo_Bild1_large-1200x800.jpg 1200w, https://www.estrad.fi/barnensestrad/wp-content/uploads/2023/05/SR_Rosaindigo_Bild1_large-600x400.jpg 600w, https://www.estrad.fi/barnensestrad/wp-content/uploads/2023/05/SR_Rosaindigo_Bild1_large.jpg 2048w" sizes="auto, (max-width: 709px) 85vw, (max-width: 909px) 67vw, (max-width: 1362px) 62vw, 840px" /></a></span></p>
<p><span style="font-weight: 400;"><br />
30.8.2023 hade vi premiär på vår nyskrivna pjäs: Rosa Indigo!<br />
En musikalisk och interaktiv föreställning med mycket dans som riktar sig till 6-9 åringar.</span></p>
<p><span style="font-weight: 400;"><br />
<strong>Rosa Indigo &#8211; Mini</strong><br />
Du är bra som du är!</span></p>
<p>Den här föreställningen handlar om Alissa Adrenalin och Roya Remix, som tillsammans utgör popgruppen Rosa Indigo. Ofta jämför de sig med varandra och de har svårt att se det fina i sig själv.<br />
Denna intrigfyllda musikteaterföreställning drar med dig i popmusikens värld och vi får vara med om att se hurAlissa och Roya lär sig överkomma sina trubbel.<br />
Här är det tillåtet att dansa med!</p>
<p>Den har viktiga teman: Rörelseglädje och allas lika värde.<br />
<span style="font-weight: 400;">I föreställningen ingår nyskriven K-pop inspirerad musik.<br />
<em>I februari 2024 hade en tvåspråkig version premiär, dvs. den spelas antingen på svenska eller totalt tvåspråkigt.</em></span></p>
</div>
<div></div>
<p><strong>Sångerna från föreställningen finns här:<br />
<a href="https://www.estrad.fi/barnensestrad/wp-content/uploads/2024/01/01_RosaIndigo_RosaIndigo_BarnensEstrad.mp3" target="_blank" rel="noopener">Rosa Indigo</a><br />
<a href="https://www.estrad.fi/barnensestrad/wp-content/uploads/2024/01/02_HurJobbigtKanDeVa_RosaIndigo_BarnensEstrad.mp3" target="_blank" rel="noopener">Hur jobbigt kan det vá</a><br />
<a href="https://www.estrad.fi/barnensestrad/wp-content/uploads/2024/01/03_DuEBra_RosaIndigo_BarnensEstrad.mp3" target="_blank" rel="noopener">Du är bra!</a></strong></p>
<p><strong>Manus, regi &amp; koreografi &#8211; Käsikirjoitus, ohjaus &amp; koreografia:</strong> Matilda Anttila<strong><br />
Musik &#8211; Musiikki</strong>: Rebecka Sretenovic &amp; Thomas Nylund<br />
<strong>Sångtexter &#8211; Laulujen sanoitus: </strong>Rebecka Sretenovic<br />
<strong>Sångtexternas översättning till finska &#8211; Laulujen käännös: </strong>Petra Rauhala<strong><br />
Musikproducent &#8211; Musiikkituotanto</strong>: Thomas Nylund<br />
<strong>Dräkter &#8211; Puvut: </strong>Sonja Dragon<strong><br />
Illustration &amp; scenografi &#8211; Kuvitus &amp; lavasteet: </strong>Line Grön<strong><br />
Foto &amp; scenografibygge &#8211; Valokuvaus &amp; lavasterakennus: </strong>Lasse Andersson<strong><br />
I rollerna &#8211; Rooleissa</strong>: Petra Rauhala &amp; Lina Johansson<br />
<strong>Koncept, producent &#8211; Konsepti, tuottaja: </strong>Anders Grönroos<strong><br />
Publik &#8211; Yleisö</strong>: 5-9 åringar/vuotiaat<br />
<strong>Längd &#8211; Kesto</strong>: 35 min.</p>
<p><strong>Rosa Indigo<br />
</strong>Sinä olet hyvä!</p>
<p>Tämä esitys kertoo Alissa Adrenaliinista ja Roya Remixistä, jotka yhdessä muodostavat Rosa Indigo pop-ryhmän.<br />
Kesken konsertin kulissien takaiset kärhämät nostavat päätään.<br />
Pystyvätkö Alissa ja Roya lopulta olla vertailematta itseään toisiin ja arvostamaan omia vahvuuksiaan?<br />
Tämä tapahtumantäyteinen musiikkiteatteriesitys vie sinut matkalle pop-musiikin maailmaan.<br />
Siellä voi selvitä, että muutkin voivat tuntea epävarmuutta ja kuinka Alissa ja Roya lopulta löytävät yhteisen sävelen.<br />
Tässä esityksessä on sallittua tanssia mukana!</p>
<p><strong>Kontakt:<br />
</strong>Anders Grönroos<br />
e-post: anders(a)estrad.fi<br />
tfn. 0400-531770<br />
webb: www.estrad.fi</p>
<p><a href="https://www.estrad.fi/barnensestrad/wp-content/uploads/2023/05/SR_230821_RosaIndigo_006_large.png"><img loading="lazy" decoding="async" class="alignleft size-large wp-image-8242" src="https://www.estrad.fi/barnensestrad/wp-content/uploads/2023/05/SR_230821_RosaIndigo_006_large-683x1024.png" alt="" width="683" height="1024" srcset="https://www.estrad.fi/barnensestrad/wp-content/uploads/2023/05/SR_230821_RosaIndigo_006_large-683x1024.png 683w, https://www.estrad.fi/barnensestrad/wp-content/uploads/2023/05/SR_230821_RosaIndigo_006_large-200x300.png 200w, https://www.estrad.fi/barnensestrad/wp-content/uploads/2023/05/SR_230821_RosaIndigo_006_large-768x1152.png 768w, https://www.estrad.fi/barnensestrad/wp-content/uploads/2023/05/SR_230821_RosaIndigo_006_large-1024x1536.png 1024w, https://www.estrad.fi/barnensestrad/wp-content/uploads/2023/05/SR_230821_RosaIndigo_006_large-1200x1800.png 1200w, https://www.estrad.fi/barnensestrad/wp-content/uploads/2023/05/SR_230821_RosaIndigo_006_large-600x900.png 600w, https://www.estrad.fi/barnensestrad/wp-content/uploads/2023/05/SR_230821_RosaIndigo_006_large.png 1365w" sizes="auto, (max-width: 709px) 85vw, (max-width: 909px) 67vw, (max-width: 984px) 61vw, (max-width: 1362px) 45vw, 600px" /></a></p>
<p><em> </em></p>
