{"id":9310,"date":"2023-11-23T16:40:15","date_gmt":"2023-11-23T14:40:15","guid":{"rendered":"https:\/\/www.estrad.fi\/barnensestrad\/?post_type=aktuellt&#038;p=9310"},"modified":"2024-02-29T12:04:56","modified_gmt":"2024-02-29T10:04:56","slug":"findus-flyttar-ut-jan-feb-24","status":"publish","type":"aktuellt","link":"https:\/\/www.estrad.fi\/barnensestrad\/aktuellt\/findus-flyttar-ut-jan-feb-24\/","title":{"rendered":"Findus flyttar ut &#8211; feb-24"},"content":{"rendered":"<p><a href=\"https:\/\/www.estrad.fi\/barnensestrad\/wp-content\/uploads\/2018\/04\/BE-FFU-23_06-scaled.jpg\"><img loading=\"lazy\" decoding=\"async\" class=\"alignleft size-large wp-image-7744\" src=\"https:\/\/www.estrad.fi\/barnensestrad\/wp-content\/uploads\/2018\/04\/BE-FFU-23_06-1024x683.jpg\" alt=\"\" width=\"840\" height=\"560\" srcset=\"https:\/\/www.estrad.fi\/barnensestrad\/wp-content\/uploads\/2018\/04\/BE-FFU-23_06-1024x683.jpg 1024w, https:\/\/www.estrad.fi\/barnensestrad\/wp-content\/uploads\/2018\/04\/BE-FFU-23_06-300x200.jpg 300w, https:\/\/www.estrad.fi\/barnensestrad\/wp-content\/uploads\/2018\/04\/BE-FFU-23_06-768x512.jpg 768w, https:\/\/www.estrad.fi\/barnensestrad\/wp-content\/uploads\/2018\/04\/BE-FFU-23_06-1536x1024.jpg 1536w, https:\/\/www.estrad.fi\/barnensestrad\/wp-content\/uploads\/2018\/04\/BE-FFU-23_06-2048x1365.jpg 2048w, https:\/\/www.estrad.fi\/barnensestrad\/wp-content\/uploads\/2018\/04\/BE-FFU-23_06-1200x800.jpg 1200w, https:\/\/www.estrad.fi\/barnensestrad\/wp-content\/uploads\/2018\/04\/BE-FFU-23_06-600x400.jpg 600w\" sizes=\"auto, (max-width: 709px) 85vw, (max-width: 909px) 67vw, (max-width: 1362px) 62vw, 840px\" \/><\/a><\/p>\n<p>Den roliga och musikaliska pj\u00e4sen \u201dFindus flyttar ut\u201d som gjorde succ\u00e9 under sommarturn\u00e9n 2023 g\u00f6r ett antal f\u00f6rest\u00e4llningar p\u00e5 vintern -24.<br \/>\nDet \u00e4r en mycket barnv\u00e4nlig och trevlig f\u00f6rest\u00e4llning som riktar sig till hela familjen.<br \/>\nPettson tar v\u00e4nligt emot publiken och n\u00e4r alla kommit b\u00f6rjar den roliga f\u00f6rest\u00e4llningen<br \/>\noch d\u00e5 dyker ocks\u00e5 Findus upp.<\/p>\n<p>H\u00e4r av er f\u00f6r att boka eller med f\u00f6rfr\u00e5gningar:<br \/>\nAnders Gr\u00f6nroos, anders@estrad.fi<\/p>\n<p>Nu \u00e4r dessa dagar bokade. H\u00f6r av er f\u00f6r m\u00f6jlig f\u00f6rest\u00e4llning hos er!<\/p>\n<p><strong><span style=\"font-size: small;\"><span style=\"font-size: medium;\">On 7.2.2024 kl. 9.30 ING\u00c5, Kyrkfj\u00e4rdens skola<\/span><\/span><\/strong><span style=\"font-size: small;\"><span style=\"font-size: medium;\"><br \/>\n<\/span><\/span><span style=\"font-size: small;\"><span style=\"font-size: medium;\">Teater: Findus flyttar ut<\/span><\/span><strong><span style=\"font-size: small;\"><span style=\"font-size: medium;\"><br \/>\n<\/span><\/span><\/strong><em><span style=\"font-size: small;\"><span style=\"font-size: medium;\">K\u00f6pt f\u00f6rest\u00e4llning, inte f\u00f6r allm\u00e4nheten.<\/span><\/span><\/em><\/p>\n<p><strong><span style=\"font-size: small;\"><span style=\"font-size: medium;\">To 8.2.2024 kl. 9.30 ESBO, Finno daghem<\/span><\/span><\/strong><span style=\"font-size: small;\"><span style=\"font-size: medium;\"><br \/>\n<\/span><\/span><span style=\"font-size: small;\"><span style=\"font-size: medium;\">Teater: Findus flyttar ut<\/span><\/span><strong><span style=\"font-size: small;\"><span style=\"font-size: medium;\"><br \/>\n<\/span><\/span><\/strong><em><span style=\"font-size: small;\"><span style=\"font-size: medium;\">K\u00f6pt f\u00f6rest\u00e4llning, inte f\u00f6r allm\u00e4nheten.<\/span><\/span><\/em><\/p>\n<p><strong><span style=\"font-size: small;\"><span style=\"font-size: medium;\">To 8.2.2024 kl. 18 KARIS, Tryckeriteatern<\/span><\/span><\/strong><span style=\"font-size: small;\"><span style=\"font-size: medium;\"><br \/>\n<\/span><\/span><span style=\"font-size: small;\"><span style=\"font-size: medium;\">Teater: Findus flyttar ut<\/span><\/span><strong><span style=\"font-size: small;\"><span style=\"font-size: medium;\"><br \/>\n<\/span><\/span><\/strong><em><span style=\"font-size: small;\"><span style=\"font-size: medium;\">Biljetter <a href=\"https:\/\/www.netticket.fi\/findus-flyttar-ut-karis\" target=\"_blank\" rel=\"noopener\">h\u00e4r<\/a>.<\/span><\/span><\/em><\/p>\n<p><strong><span style=\"font-size: small;\"><span style=\"font-size: medium;\">Fr 9.2.2024 kl. 18 KARIS, Tryckeriteatern<\/span><\/span><\/strong><span style=\"font-size: small;\"><span style=\"font-size: medium;\"><br \/>\n<\/span><\/span><span style=\"font-size: small;\"><span style=\"font-size: medium;\">Teater: Findus flyttar ut<\/span><\/span><strong><span style=\"font-size: small;\"><span style=\"font-size: medium;\"><br \/>\n<\/span><\/span><\/strong><em><span style=\"font-size: small;\"><span style=\"font-size: medium;\">Biljetter <a href=\"https:\/\/www.netticket.fi\/findus-flyttar-ut-karis\">h\u00e4r<\/a>.<\/span><\/span><\/em><\/p>\n<p><strong><span style=\"font-size: small;\"><span style=\"font-size: medium;\">L\u00f6 10.2.2024 kl. 14 ESBO, Vind\u00e4ngssalen<\/span><\/span><\/strong><span style=\"font-size: small;\"><span style=\"font-size: medium;\"><br \/>\n<\/span><\/span><span style=\"font-size: small;\"><span style=\"font-size: medium;\">Teater: Findus flyttar ut<\/span><\/span><strong><span style=\"font-size: small;\"><span style=\"font-size: medium;\"><br \/>\n<\/span><\/span><\/strong><em><span style=\"font-size: small;\"><span style=\"font-size: medium;\">Biljetter <a href=\"https:\/\/www.lippu.fi\/sv\/event\/findus-flyttar-ut-vindaengen-17984267\/\" target=\"_blank\" rel=\"noopener\">h\u00e4r<\/a>.<\/span><\/span><\/em><\/p>\n<p><strong><span style=\"font-size: small;\"><span style=\"font-size: medium;\">To 15.2.2024 kl. 9.30 HELSINGFORS, Gamlasg\u00e5rden<\/span><\/span><\/strong><span style=\"font-size: small;\"><span style=\"font-size: medium;\"><br \/>\n<\/span><\/span><span style=\"font-size: small;\"><span style=\"font-size: medium;\">Teater: Findus flyttar ut<\/span><\/span><strong><span style=\"font-size: small;\"><span style=\"font-size: medium;\"><br \/>\n<\/span><\/span><\/strong><em><span style=\"font-size: small;\"><span style=\"font-size: medium;\">Info, senare.<\/span><\/span><\/em><\/p>\n<p><strong><span style=\"font-size: small;\"><span style=\"font-size: medium;\">Fr 16.2.2024 kl. 10 HELSINGFORS, Rastis<\/span><\/span><\/strong><span style=\"font-size: small;\"><span style=\"font-size: medium;\"><br \/>\n<\/span><\/span><span style=\"font-size: small;\"><span style=\"font-size: medium;\">Teater: Findus flyttar ut<\/span><\/span><strong><span style=\"font-size: small;\"><span style=\"font-size: medium;\"><br \/>\n<\/span><\/span><\/strong><em><span style=\"font-size: small;\"><span style=\"font-size: medium;\">K\u00f6pt f\u00f6rest\u00e4llning, inte f\u00f6r allm\u00e4nheten.<\/span><\/span><\/em><\/p>\n<p><strong>Findus flyttar ut<\/strong><br \/>\nVarje morgon vaknar Pettson klockan fyra av att Findus hoppar i s\u00e4ngen. Pettson blir tokig.<br \/>\nKanske \u00e4r det b\u00e4st att Findus flyttar. Tillsammans inreder de det gamla dasset.<br \/>\nMen s\u00e5 n\u00e4r Findus ska g\u00e5 och l\u00e4gga sig blir han lite orolig f\u00f6r r\u00e4ven&#8230;<br \/>\nEn rolig, musikalisk och varm pj\u00e4s om det h\u00e4rliga paret &#8211;<br \/>\nPettson och Findus &#8211; och deras skojiga \u00e4ventyr.<\/p>\n<p>Av Christian Lindroos och Sofia Finnil\u00e4 efter Sven Nordqvists b\u00f6cker.<br \/>\n<strong>Regi &amp; foto<\/strong>: Samuel Karlsson<br \/>\n<strong>Musik &amp; s\u00e5ngtexter: <\/strong>Sofia Finnil\u00e4<br \/>\n<strong>Dr\u00e4kter:\u00a0<\/strong>Marjo Haapasalo<br \/>\n<strong>Scenografi och rekvisita: <\/strong>Minna<strong>\u00a0<\/strong>Ihalainen<br \/>\n<strong>Rekvisit\u00f6r: <\/strong>Pia Lind\u00e9n-Lamoureux<strong><br \/>\nScenografibygge: <\/strong>Lasse Andersson<br \/>\n<strong>I rollerna<\/strong>: Jesper Fransson och Kalle Halm\u00e9n<br \/>\n<strong>Producent: <\/strong>Anders Gr\u00f6nroos<br \/>\n<strong>F\u00f6rlag<\/strong>: Draken Teaterf\u00f6rlag<br \/>\n<strong>Publik<\/strong>: 2-8-\u00e5ringar och deras familjer.<br \/>\n<strong>L\u00e4ngd<\/strong>: c. 35 minuter.<\/p>\n<p>___________________<\/p>\n<p>Pj\u00e4sen hade premi\u00e4r i juli 2018 och gjorde d\u00e5 en h\u00e4rlig &#8211; och extra varm &#8211; sommarturn\u00e9.<br \/>\nSommaren 2023 turnerade den igen med nya sk\u00e5despelare. 18 f\u00f6rest\u00e4llningar, sluts\u00e5lda salar och toppenst\u00e4mning!<\/p>\n<p>H\u00f6r g\u00e4rna av er till Anders: anders@estrad.fi eller 0400-531770<br \/>\nom ni \u00e4r intresserade av en f\u00f6rest\u00e4llning!<\/p>\n<p><a href=\"https:\/\/www.estrad.fi\/barnensestrad\/wp-content\/uploads\/2018\/04\/PF_01_SvenNordqvist.jpg\"><img loading=\"lazy\" decoding=\"async\" class=\"alignleft size-large wp-image-6682\" src=\"https:\/\/www.estrad.fi\/barnensestrad\/wp-content\/uploads\/2018\/04\/PF_01_SvenNordqvist-1024x771.jpg\" alt=\"\" width=\"840\" height=\"632\" srcset=\"https:\/\/www.estrad.fi\/barnensestrad\/wp-content\/uploads\/2018\/04\/PF_01_SvenNordqvist-1024x771.jpg 1024w, https:\/\/www.estrad.fi\/barnensestrad\/wp-content\/uploads\/2018\/04\/PF_01_SvenNordqvist-300x226.jpg 300w, https:\/\/www.estrad.fi\/barnensestrad\/wp-content\/uploads\/2018\/04\/PF_01_SvenNordqvist-768x578.jpg 768w, https:\/\/www.estrad.fi\/barnensestrad\/wp-content\/uploads\/2018\/04\/PF_01_SvenNordqvist-1536x1157.jpg 1536w, https:\/\/www.estrad.fi\/barnensestrad\/wp-content\/uploads\/2018\/04\/PF_01_SvenNordqvist-1200x904.jpg 1200w, https:\/\/www.estrad.fi\/barnensestrad\/wp-content\/uploads\/2018\/04\/PF_01_SvenNordqvist-600x452.jpg 600w, https:\/\/www.estrad.fi\/barnensestrad\/wp-content\/uploads\/2018\/04\/PF_01_SvenNordqvist.jpg 1969w\" sizes=\"auto, (max-width: 709px) 85vw, (max-width: 909px) 67vw, (max-width: 1362px) 62vw, 840px\" \/><\/a><\/p>\n","protected":false},"featured_media":7744,"menu_order":0,"template":"","meta":{"editor_plus_copied_stylings":"{}","_price":"","_stock":"","_tribe_ticket_header":"","_tribe_default_ticket_provider":"","_tribe_ticket_capacity":"0","_ticket_start_date":"","_ticket_end_date":"","_tribe_ticket_show_description":"","_tribe_ticket_show_not_going":false,"_tribe_ticket_use_global_stock":"","_tribe_ticket_global_stock_level":"","_global_stock_mode":"","_global_stock_cap":"","_tribe_rsvp_for_event":"","_tribe_ticket_going_count":"","_tribe_ticket_not_going_count":"","_tribe_tickets_list":"[]","_tribe_ticket_has_attendee_info_fields":false},"categories":[6],"class_list":["post-9310","aktuellt","type-aktuellt","status-publish","has-post-thumbnail","hentry","category-vilande"],"_links":{"self":[{"href":"https:\/\/www.estrad.fi\/barnensestrad\/wp-json\/wp\/v2\/aktuellt\/9310","targetHints":{"allow":["GET"]}}],"collection":[{"href":"https:\/\/www.estrad.fi\/barnensestrad\/wp-json\/wp\/v2\/aktuellt"}],"about":[{"href":"https:\/\/www.estrad.fi\/barnensestrad\/wp-json\/wp\/v2\/types\/aktuellt"}],"wp:featuredmedia":[{"embeddable":true,"href":"https:\/\/www.estrad.fi\/barnensestrad\/wp-json\/wp\/v2\/media\/7744"}],"wp:attachment":[{"href":"https:\/\/www.estrad.fi\/barnensestrad\/wp-json\/wp\/v2\/media?parent=9310"}],"wp:term":[{"taxonomy":"category","embeddable":true,"href":"https:\/\/www.estrad.fi\/barnensestrad\/wp-json\/wp\/v2\/categories?post=9310"}],"curies":[{"name":"wp","href":"https:\/\/api.w.org\/{rel}","templated":true}]}}

<p><a href="https://www.estrad.fi/barnensestrad/wp-content/uploads/2018/04/BE-FFU-23_06-scaled.jpg"><img loading="lazy" decoding="async" class="alignleft size-large wp-image-7744" src="https://www.estrad.fi/barnensestrad/wp-content/uploads/2018/04/BE-FFU-23_06-1024x683.jpg" alt="" width="840" height="560" srcset="https://www.estrad.fi/barnensestrad/wp-content/uploads/2018/04/BE-FFU-23_06-1024x683.jpg 1024w, https://www.estrad.fi/barnensestrad/wp-content/uploads/2018/04/BE-FFU-23_06-300x200.jpg 300w, https://www.estrad.fi/barnensestrad/wp-content/uploads/2018/04/BE-FFU-23_06-768x512.jpg 768w, https://www.estrad.fi/barnensestrad/wp-content/uploads/2018/04/BE-FFU-23_06-1536x1024.jpg 1536w, https://www.estrad.fi/barnensestrad/wp-content/uploads/2018/04/BE-FFU-23_06-2048x1365.jpg 2048w, https://www.estrad.fi/barnensestrad/wp-content/uploads/2018/04/BE-FFU-23_06-1200x800.jpg 1200w, https://www.estrad.fi/barnensestrad/wp-content/uploads/2018/04/BE-FFU-23_06-600x400.jpg 600w" sizes="auto, (max-width: 709px) 85vw, (max-width: 909px) 67vw, (max-width: 1362px) 62vw, 840px" /></a></p>
<p>Den roliga och musikaliska pjäsen ”Findus flyttar ut” som gjorde succé under sommarturnén 2023 gör ett antal föreställningar på vintern -24.<br />
Det är en mycket barnvänlig och trevlig föreställning som riktar sig till hela familjen.<br />
Pettson tar vänligt emot publiken och när alla kommit börjar den roliga föreställningen<br />
och då dyker också Findus upp.</p>
<p>Här av er för att boka eller med förfrågningar:<br />
Anders Grönroos, anders@estrad.fi</p>
<p>Nu är dessa dagar bokade. Hör av er för möjlig föreställning hos er!</p>
<p><strong><span style="font-size: small;"><span style="font-size: medium;">On 7.2.2024 kl. 9.30 INGÅ, Kyrkfjärdens skola</span></span></strong><span style="font-size: small;"><span style="font-size: medium;"><br />
</span></span><span style="font-size: small;"><span style="font-size: medium;">Teater: Findus flyttar ut</span></span><strong><span style="font-size: small;"><span style="font-size: medium;"><br />
</span></span></strong><em><span style="font-size: small;"><span style="font-size: medium;">Köpt föreställning, inte för allmänheten.</span></span></em></p>
<p><strong><span style="font-size: small;"><span style="font-size: medium;">To 8.2.2024 kl. 9.30 ESBO, Finno daghem</span></span></strong><span style="font-size: small;"><span style="font-size: medium;"><br />
</span></span><span style="font-size: small;"><span style="font-size: medium;">Teater: Findus flyttar ut</span></span><strong><span style="font-size: small;"><span style="font-size: medium;"><br />
</span></span></strong><em><span style="font-size: small;"><span style="font-size: medium;">Köpt föreställning, inte för allmänheten.</span></span></em></p>
<p><strong><span style="font-size: small;"><span style="font-size: medium;">To 8.2.2024 kl. 18 KARIS, Tryckeriteatern</span></span></strong><span style="font-size: small;"><span style="font-size: medium;"><br />
</span></span><span style="font-size: small;"><span style="font-size: medium;">Teater: Findus flyttar ut</span></span><strong><span style="font-size: small;"><span style="font-size: medium;"><br />
</span></span></strong><em><span style="font-size: small;"><span style="font-size: medium;">Biljetter <a href="https://www.netticket.fi/findus-flyttar-ut-karis" target="_blank" rel="noopener">här</a>.</span></span></em></p>
<p><strong><span style="font-size: small;"><span style="font-size: medium;">Fr 9.2.2024 kl. 18 KARIS, Tryckeriteatern</span></span></strong><span style="font-size: small;"><span style="font-size: medium;"><br />
</span></span><span style="font-size: small;"><span style="font-size: medium;">Teater: Findus flyttar ut</span></span><strong><span style="font-size: small;"><span style="font-size: medium;"><br />
</span></span></strong><em><span style="font-size: small;"><span style="font-size: medium;">Biljetter <a href="https://www.netticket.fi/findus-flyttar-ut-karis">här</a>.</span></span></em></p>
<p><strong><span style="font-size: small;"><span style="font-size: medium;">Lö 10.2.2024 kl. 14 ESBO, Vindängssalen</span></span></strong><span style="font-size: small;"><span style="font-size: medium;"><br />
</span></span><span style="font-size: small;"><span style="font-size: medium;">Teater: Findus flyttar ut</span></span><strong><span style="font-size: small;"><span style="font-size: medium;"><br />
</span></span></strong><em><span style="font-size: small;"><span style="font-size: medium;">Biljetter <a href="https://www.lippu.fi/sv/event/findus-flyttar-ut-vindaengen-17984267/" target="_blank" rel="noopener">här</a>.</span></span></em></p>
<p><strong><span style="font-size: small;"><span style="font-size: medium;">To 15.2.2024 kl. 9.30 HELSINGFORS, Gamlasgården</span></span></strong><span style="font-size: small;"><span style="font-size: medium;"><br />
</span></span><span style="font-size: small;"><span style="font-size: medium;">Teater: Findus flyttar ut</span></span><strong><span style="font-size: small;"><span style="font-size: medium;"><br />
</span></span></strong><em><span style="font-size: small;"><span style="font-size: medium;">Info, senare.</span></span></em></p>
<p><strong><span style="font-size: small;"><span style="font-size: medium;">Fr 16.2.2024 kl. 10 HELSINGFORS, Rastis</span></span></strong><span style="font-size: small;"><span style="font-size: medium;"><br />
</span></span><span style="font-size: small;"><span style="font-size: medium;">Teater: Findus flyttar ut</span></span><strong><span style="font-size: small;"><span style="font-size: medium;"><br />
</span></span></strong><em><span style="font-size: small;"><span style="font-size: medium;">Köpt föreställning, inte för allmänheten.</span></span></em></p>
<p><strong>Findus flyttar ut</strong><br />
Varje morgon vaknar Pettson klockan fyra av att Findus hoppar i sängen. Pettson blir tokig.<br />
Kanske är det bäst att Findus flyttar. Tillsammans inreder de det gamla dasset.<br />
Men så när Findus ska gå och lägga sig blir han lite orolig för räven&#8230;<br />
En rolig, musikalisk och varm pjäs om det härliga paret &#8211;<br />
Pettson och Findus &#8211; och deras skojiga äventyr.</p>
<p>Av Christian Lindroos och Sofia Finnilä efter Sven Nordqvists böcker.<br />
<strong>Regi &amp; foto</strong>: Samuel Karlsson<br />
<strong>Musik &amp; sångtexter: </strong>Sofia Finnilä<br />
<strong>Dräkter: </strong>Marjo Haapasalo<br />
<strong>Scenografi och rekvisita: </strong>Minna<strong> </strong>Ihalainen<br />
<strong>Rekvisitör: </strong>Pia Lindén-Lamoureux<strong><br />
Scenografibygge: </strong>Lasse Andersson<br />
<strong>I rollerna</strong>: Jesper Fransson och Kalle Halmén<br />
<strong>Producent: </strong>Anders Grönroos<br />
<strong>Förlag</strong>: Draken Teaterförlag<br />
<strong>Publik</strong>: 2-8-åringar och deras familjer.<br />
<strong>Längd</strong>: c. 35 minuter.</p>
<p>___________________</p>
<p>Pjäsen hade premiär i juli 2018 och gjorde då en härlig &#8211; och extra varm &#8211; sommarturné.<br />
Sommaren 2023 turnerade den igen med nya skådespelare. 18 föreställningar, slutsålda salar och toppenstämning!</p>
<p>Hör gärna av er till Anders: anders@estrad.fi eller 0400-531770<br />
om ni är intresserade av en föreställning!</p>
<p><a href="https://www.estrad.fi/barnensestrad/wp-content/uploads/2018/04/PF_01_SvenNordqvist.jpg"><img loading="lazy" decoding="async" class="alignleft size-large wp-image-6682" src="https://www.estrad.fi/barnensestrad/wp-content/uploads/2018/04/PF_01_SvenNordqvist-1024x771.jpg" alt="" width="840" height="632" srcset="https://www.estrad.fi/barnensestrad/wp-content/uploads/2018/04/PF_01_SvenNordqvist-1024x771.jpg 1024w, https://www.estrad.fi/barnensestrad/wp-content/uploads/2018/04/PF_01_SvenNordqvist-300x226.jpg 300w, https://www.estrad.fi/barnensestrad/wp-content/uploads/2018/04/PF_01_SvenNordqvist-768x578.jpg 768w, https://www.estrad.fi/barnensestrad/wp-content/uploads/2018/04/PF_01_SvenNordqvist-1536x1157.jpg 1536w, https://www.estrad.fi/barnensestrad/wp-content/uploads/2018/04/PF_01_SvenNordqvist-1200x904.jpg 1200w, https://www.estrad.fi/barnensestrad/wp-content/uploads/2018/04/PF_01_SvenNordqvist-600x452.jpg 600w, https://www.estrad.fi/barnensestrad/wp-content/uploads/2018/04/PF_01_SvenNordqvist.jpg 1969w" sizes="auto, (max-width: 709px) 85vw, (max-width: 909px) 67vw, (max-width: 1362px) 62vw, 840px" /></a></p>
