{"id":142,"date":"2008-01-01T12:35:46","date_gmt":"2008-01-01T10:35:46","guid":{"rendered":"http:\/\/kund.skargardsreklam.fi\/estrad\/barnensestrad\/?page_id=142"},"modified":"2023-10-11T11:00:47","modified_gmt":"2023-10-11T08:00:47","slug":"2008-2","status":"publish","type":"page","link":"https:\/\/www.estrad.fi\/barnensestrad\/om-barnens-estrad\/2008-2\/","title":{"rendered":"2008"},"content":{"rendered":"<p><strong>Apan Anders &#8211; S\u00e5ng &amp; H\u00e5llig\u00e5ng<\/strong><br \/>\nArtister: Anders &#8221;Apan Anders&#8221; Gr\u00f6nroos<br \/>\nApan Anders konsert f\u00f6r 1-8-\u00e5riga barn.<br \/>\nF\u00f6rest\u00e4llningar\/publik:<br \/>\nApan Anders konsert, hittills \u00f6ver 1800 konserter och turn\u00e9n forts\u00e4tter.<br \/>\nApan Anders sidor hittas <a title=\"Apan Anders\" href=\"http:\/\/www.andersgronroos.com\/apananders\" target=\"_blank\" rel=\"noopener\">h\u00e4r<\/a>.<\/p>\n<hr \/>\n<p><strong>Vreeswijk och Vi<\/strong><br \/>\nArtister: Anders Gr\u00f6nroos och gitarristen Anders \u00d6stling<br \/>\nF\u00f6rest\u00e4llningar\/publik:<br \/>\nKonserter f\u00f6r allm\u00e4nhet och privata tillst\u00e4llningar.<\/p>\n<hr \/>\n<p><strong>Den \u00c5bol\u00e4ndska Estraden<\/strong><br \/>\nArtister: Ami Aspelund, Lill Britt Siv, Thomas Lundin.<br \/>\nEvenemangsserie, p\u00e5 \u00c5bo Svenska Teater och ute i \u00c5boland.<\/p>\n<hr \/>\n<p><strong>Fanfar!<\/strong><br \/>\nArtister: Caroline Lillm\u00e5ns, Anders Gr\u00f6nroos och gitarristen Anders \u00d6stling<br \/>\nF\u00f6rest\u00e4llningar\/publik:<br \/>\nPremi\u00e4r i maj 2007. Under 2007 och 2008 fyra turn\u00e9er med 45 f\u00f6rest\u00e4llningar inf\u00f6r en publik p\u00e5 c. 7500 personer.<\/p>\n<hr \/>\n<p><strong>Barnens Kalasturn\u00e9 2008<\/strong><br \/>\nArtister: Apan Anders och Anna Moberg, lekar, pyssel, mm<br \/>\nF\u00f6rest\u00e4llningar\/publik:<br \/>\nNio evenemang i \u00c5boland, \u00d6sterbotten och \u00d6stra Nyland.<\/p>\n<hr \/>\n<p><strong>Visfest08<\/strong><br \/>\n24.7.2007 i Pargas<br \/>\nArtister:<br \/>\nStefan Sundstr\u00f6m, Anna D\u00f6bling, Barbara Helsingius och Anders Gr\u00f6nroos med musiker.<br \/>\nF\u00f6rest\u00e4llningar\/publik: c. 250 personer<\/p>\n<hr \/>\n<p><strong>Apan Anders laulaa kahdella kielell\u00e4<\/strong><br \/>\nArtister:<br \/>\nApan Anders spr\u00e5kkonsert f\u00f6r finska barn i 5-8-\u00e5rs \u00e5ldern.<br \/>\nF\u00f6rest\u00e4llningar\/publik:<br \/>\n64 f\u00f6rest\u00e4llningar under 2008 inf\u00f6r en publik p\u00e5 c. 3500 barn.<br \/>\nMera info om Apan Anders laulaa kahdella kielell\u00e4 finns h\u00e4r och Apan Anders sidor hittas <a title=\"Apan Anders\" href=\"http:\/\/www.andersgronroos.com\/apananders\" target=\"_blank\" rel=\"noopener\">h\u00e4r<\/a>.<\/p>\n<hr \/>\n<p><strong>Estradkaravanen<\/strong><br \/>\n23-26.7 i Eken\u00e4s, Pargas, Jakobstad och Sideby<br \/>\nEstrad producerade det turnerande visevenemanget Estradkaravanen.<br \/>\nArtister: Stefan Sundstr\u00f6m och Anders Gr\u00f6nroos med musiker (alla evenemang), Barbara Helsingius och Anna D\u00f6bling (Pargas), Susanne Alfvengren (Jakobstad och Sideby).<br \/>\nF\u00f6rest\u00e4llningar\/publik: c. 1200 personer.<\/p>\n","protected":false},"excerpt":{"rendered":"<p>Apan Anders &#8211; S\u00e5ng &amp; H\u00e5llig\u00e5ng Artister: Anders &#8221;Apan Anders&#8221; Gr\u00f6nroos Apan Anders konsert f\u00f6r 1-8-\u00e5riga barn. F\u00f6rest\u00e4llningar\/publik: Apan Anders konsert, hittills \u00f6ver 1800 konserter och turn\u00e9n forts\u00e4tter. Apan Anders &hellip; <a href=\"https:\/\/www.estrad.fi\/barnensestrad\/om-barnens-estrad\/2008-2\/\" class=\"more-link\">Forts\u00e4tt l\u00e4sa<span class=\"screen-reader-text\"> &#8221;2008&#8221;<\/span><\/a><\/p>\n","protected":false},"author":3,"featured_media":0,"parent":954,"menu_order":45,"comment_status":"open","ping_status":"closed","template":"","meta":{"editor_plus_copied_stylings":"{}","_price":"","_stock":"","_tribe_ticket_header":"","_tribe_default_ticket_provider":"","_tribe_ticket_capacity":"0","_ticket_start_date":"","_ticket_end_date":"","_tribe_ticket_show_description":"","_tribe_ticket_show_not_going":false,"_tribe_ticket_use_global_stock":"","_tribe_ticket_global_stock_level":"","_global_stock_mode":"","_global_stock_cap":"","_tribe_rsvp_for_event":"","_tribe_ticket_going_count":"","_tribe_ticket_not_going_count":"","_tribe_tickets_list":"[]","_tribe_ticket_has_attendee_info_fields":false,"footnotes":"","_tec_slr_enabled":"","_tec_slr_layout":""},"class_list":["post-142","page","type-page","status-publish","hentry"],"ticketed":false,"_links":{"self":[{"href":"https:\/\/www.estrad.fi\/barnensestrad\/wp-json\/wp\/v2\/pages\/142","targetHints":{"allow":["GET"]}}],"collection":[{"href":"https:\/\/www.estrad.fi\/barnensestrad\/wp-json\/wp\/v2\/pages"}],"about":[{"href":"https:\/\/www.estrad.fi\/barnensestrad\/wp-json\/wp\/v2\/types\/page"}],"author":[{"embeddable":true,"href":"https:\/\/www.estrad.fi\/barnensestrad\/wp-json\/wp\/v2\/users\/3"}],"replies":[{"embeddable":true,"href":"https:\/\/www.estrad.fi\/barnensestrad\/wp-json\/wp\/v2\/comments?post=142"}],"version-history":[{"count":16,"href":"https:\/\/www.estrad.fi\/barnensestrad\/wp-json\/wp\/v2\/pages\/142\/revisions"}],"predecessor-version":[{"id":8602,"href":"https:\/\/www.estrad.fi\/barnensestrad\/wp-json\/wp\/v2\/pages\/142\/revisions\/8602"}],"up":[{"embeddable":true,"href":"https:\/\/www.estrad.fi\/barnensestrad\/wp-json\/wp\/v2\/pages\/954"}],"wp:attachment":[{"href":"https:\/\/www.estrad.fi\/barnensestrad\/wp-json\/wp\/v2\/media?parent=142"}],"curies":[{"name":"wp","href":"https:\/\/api.w.org\/{rel}","templated":true}]}}

<p><strong>Apan Anders &#8211; Sång &amp; Hålligång</strong><br />
Artister: Anders &#8221;Apan Anders&#8221; Grönroos<br />
Apan Anders konsert för 1-8-åriga barn.<br />
Föreställningar/publik:<br />
Apan Anders konsert, hittills över 1800 konserter och turnén fortsätter.<br />
Apan Anders sidor hittas <a title="Apan Anders" href="http://www.andersgronroos.com/apananders" target="_blank" rel="noopener">här</a>.</p>
<hr />
<p><strong>Vreeswijk och Vi</strong><br />
Artister: Anders Grönroos och gitarristen Anders Östling<br />
Föreställningar/publik:<br />
Konserter för allmänhet och privata tillställningar.</p>
<hr />
<p><strong>Den Åboländska Estraden</strong><br />
Artister: Ami Aspelund, Lill Britt Siv, Thomas Lundin.<br />
Evenemangsserie, på Åbo Svenska Teater och ute i Åboland.</p>
<hr />
<p><strong>Fanfar!</strong><br />
Artister: Caroline Lillmåns, Anders Grönroos och gitarristen Anders Östling<br />
Föreställningar/publik:<br />
Premiär i maj 2007. Under 2007 och 2008 fyra turnéer med 45 föreställningar inför en publik på c. 7500 personer.</p>
<hr />
<p><strong>Barnens Kalasturné 2008</strong><br />
Artister: Apan Anders och Anna Moberg, lekar, pyssel, mm<br />
Föreställningar/publik:<br />
Nio evenemang i Åboland, Österbotten och Östra Nyland.</p>
<hr />
<p><strong>Visfest08</strong><br />
24.7.2007 i Pargas<br />
Artister:<br />
Stefan Sundström, Anna Döbling, Barbara Helsingius och Anders Grönroos med musiker.<br />
Föreställningar/publik: c. 250 personer</p>
<hr />
<p><strong>Apan Anders laulaa kahdella kielellä</strong><br />
Artister:<br />
Apan Anders språkkonsert för finska barn i 5-8-års åldern.<br />
Föreställningar/publik:<br />
64 föreställningar under 2008 inför en publik på c. 3500 barn.<br />
Mera info om Apan Anders laulaa kahdella kielellä finns här och Apan Anders sidor hittas <a title="Apan Anders" href="http://www.andersgronroos.com/apananders" target="_blank" rel="noopener">här</a>.</p>
<hr />
<p><strong>Estradkaravanen</strong><br />
23-26.7 i Ekenäs, Pargas, Jakobstad och Sideby<br />
Estrad producerade det turnerande visevenemanget Estradkaravanen.<br />
Artister: Stefan Sundström och Anders Grönroos med musiker (alla evenemang), Barbara Helsingius och Anna Döbling (Pargas), Susanne Alfvengren (Jakobstad och Sideby).<br />
Föreställningar/publik: c. 1200 personer.</p>

<p>Apan Anders &#8211; Sång &amp; Hålligång Artister: Anders &#8221;Apan Anders&#8221; Grönroos Apan Anders konsert för 1-8-åriga barn. Föreställningar/publik: Apan Anders konsert, hittills över 1800 konserter och turnén fortsätter. Apan Anders &hellip; <a href="https://www.estrad.fi/barnensestrad/om-barnens-estrad/2008-2/" class="more-link">Fortsätt läsa<span class="screen-reader-text"> &#8221;2008&#8221;</span></a></p>
