{"id":236,"date":"2012-04-13T14:18:50","date_gmt":"2012-04-13T11:18:50","guid":{"rendered":"http:\/\/kund.skargardsreklam.fi\/estrad\/barnensestrad\/?page_id=236"},"modified":"2023-10-11T14:34:18","modified_gmt":"2023-10-11T11:34:18","slug":"2011-2","status":"publish","type":"page","link":"https:\/\/www.estrad.fi\/barnensestrad\/om-barnens-estrad\/2011-2\/","title":{"rendered":"2011"},"content":{"rendered":"\n<p class=\" eplus-wrapper\"><strong>Alfons och M\u00e5llgan<\/strong><br>Artister: Carla Fri som Alfons och Anders Gr\u00f6nroos som ber\u00e4ttare, pappan och musiker<br>F\u00f6rest\u00e4llningar\/publik:<br>45 f\u00f6rest\u00e4llningar.<br>Info on f\u00f6rest\u00e4llningen hittas <a href=\"http:\/\/kund.skargardsreklam.fi\/estrad\/barnensestrad\/?page_id=57\">h\u00e4r<\/a>. <\/p>\n\n\n\n<hr class=\" wp-block-separator has-alpha-channel-opacity eplus-wrapper\"\/>\n\n\n\n<p class=\" eplus-wrapper\"><strong>Apan Anders<br><\/strong>Artister: Anders \u201dApan Anders\u201d Gr\u00f6nroos<br>Apan Anders konsert f\u00f6r 1-8-\u00e5riga barn.<br>F\u00f6rest\u00e4llningar\/publik:<br>Apan Anders konsert, hittills \u00f6ver 2200 konserter och turn\u00e9n forts\u00e4tter.<br>Apan Anders sidor hittas <a href=\"http:\/\/www.andersgronroos.com\/apananders\" target=\"_blank\" rel=\"noreferrer noopener\">h\u00e4r<\/a>.<\/p>\n\n\n\n<hr class=\" wp-block-separator has-alpha-channel-opacity eplus-wrapper\"\/>\n\n\n\n<p class=\" eplus-wrapper\"><strong>Apan Anders laulaa kahdella kielell\u00e4<\/strong><br>Artister:<br>Apan Anders spr\u00e5kkonsert f\u00f6r finska barn i 5-8-\u00e5rs \u00e5ldern.<br>F\u00f6rest\u00e4llningar\/publik:<br>85 f\u00f6rest\u00e4llningar under 2011 inf\u00f6r en publik p\u00e5 c. 5000 barn.<br>Mera info om Apan Anders laulaa kahdella kielell\u00e4 finns <a href=\"http:\/\/kund.skargardsreklam.fi\/estrad\/barnensestrad\/?page_id=18\" target=\"_blank\" rel=\"noreferrer noopener\">h\u00e4r<\/a> och Apan Anders sidor hittas <a href=\"http:\/\/www.andersgronroos.com\/apananders\" target=\"_blank\" rel=\"noreferrer noopener\">h\u00e4r<\/a>.<\/p>\n\n\n\n<hr class=\" wp-block-separator has-alpha-channel-opacity eplus-wrapper\"\/>\n\n\n\n<p class=\" eplus-wrapper\"><strong>Barnens Julkonsert<\/strong><br>Artister: Cellisten Jan-Erik Gustafsson, violinisten Nonna Knuuttila och Apan Anders.<br>F\u00f6rest\u00e4llningar\/publik:<br>3 konserter i Helsingfors.<\/p>\n\n\n\n<hr class=\" wp-block-separator has-alpha-channel-opacity eplus-wrapper\"\/>\n\n\n\n<p class=\" eplus-wrapper\"><strong>Barnens Kalasturn\u00e9 2011<\/strong><br>Artister: Alfons och M\u00e5llgan-teater, Apan Anders, och Dr\u00e4ngen Kaj, lekar, pyssel, mm<br>F\u00f6rest\u00e4llningar\/publik:<br>12 evenemang i \u00c5boland och i \u00d6sterbotten.<\/p>\n\n\n\n<hr class=\" wp-block-separator has-alpha-channel-opacity eplus-wrapper\"\/>\n\n\n\n<p class=\" eplus-wrapper\"><strong>Fanfar!<\/strong><br>Artister: Caroline Lillm\u00e5ns, Anders Gr\u00f6nroos och gitarristen Anders \u00d6stling<br>F\u00f6rest\u00e4llningar\/publik:<br>Premi\u00e4r i maj 2007. Under 2009 fyra turn\u00e9er med 45 f\u00f6rest\u00e4llningar inf\u00f6r en publik p\u00e5 c. 7500 personer.<\/p>\n\n\n\n<hr class=\" wp-block-separator has-alpha-channel-opacity eplus-wrapper\"\/>\n\n\n\n<p class=\" eplus-wrapper\"><strong>MUSIK! &#8211; kahdella kielell\u00e4<br><\/strong>Artister:<br>Carla Fri och Benny Ojala, gitarr. Spr\u00e5kkonsert f\u00f6r finska barn i \u00e5ldern 9-12-\u00e5r.<br>F\u00f6rest\u00e4llningar\/publik:<br>66 f\u00f6rest\u00e4llningar under 2011 inf\u00f6r en publik p\u00e5 c. 6000 barn.<br>Mera info om MUSIK! &#8211; kahdella kielell\u00e4 finns <a href=\"http:\/\/kund.skargardsreklam.fi\/estrad\/barnensestrad\/?page_id=78\">h\u00e4r<\/a>.<\/p>\n\n\n\n<hr class=\" wp-block-separator has-alpha-channel-opacity eplus-wrapper\"\/>\n\n\n\n<p class=\" eplus-wrapper\"><strong>Vreeswijk och Vi &amp;<br>Svenska Visklassiker<\/strong><br>Artister: Anders Gr\u00f6nroos och gitarristen Anders \u00d6stling<br>F\u00f6rest\u00e4llningar\/publik:<br>Konserter f\u00f6r allm\u00e4nhet och privata tillst\u00e4llningar.<\/p>\n","protected":false},"excerpt":{"rendered":"<p>Alfons och M\u00e5llganArtister: Carla Fri som Alfons och Anders Gr\u00f6nroos som ber\u00e4ttare, pappan och musikerF\u00f6rest\u00e4llningar\/publik:45 f\u00f6rest\u00e4llningar.Info on f\u00f6rest\u00e4llningen hittas h\u00e4r. Apan AndersArtister: Anders \u201dApan Anders\u201d Gr\u00f6nroosApan Anders konsert f\u00f6r 1-8-\u00e5riga &hellip; <a href=\"https:\/\/www.estrad.fi\/barnensestrad\/om-barnens-estrad\/2011-2\/\" class=\"more-link\">Forts\u00e4tt l\u00e4sa<span class=\"screen-reader-text\"> &#8221;2011&#8221;<\/span><\/a><\/p>\n","protected":false},"author":2,"featured_media":0,"parent":954,"menu_order":42,"comment_status":"open","ping_status":"closed","template":"","meta":{"editor_plus_copied_stylings":"{}","_price":"","_stock":"","_tribe_ticket_header":"","_tribe_default_ticket_provider":"","_tribe_ticket_capacity":"0","_ticket_start_date":"","_ticket_end_date":"","_tribe_ticket_show_description":"","_tribe_ticket_show_not_going":false,"_tribe_ticket_use_global_stock":"","_tribe_ticket_global_stock_level":"","_global_stock_mode":"","_global_stock_cap":"","_tribe_rsvp_for_event":"","_tribe_ticket_going_count":"","_tribe_ticket_not_going_count":"","_tribe_tickets_list":"[]","_tribe_ticket_has_attendee_info_fields":false,"footnotes":"","_tec_slr_enabled":"","_tec_slr_layout":""},"class_list":["post-236","page","type-page","status-publish","hentry"],"ticketed":false,"_links":{"self":[{"href":"https:\/\/www.estrad.fi\/barnensestrad\/wp-json\/wp\/v2\/pages\/236","targetHints":{"allow":["GET"]}}],"collection":[{"href":"https:\/\/www.estrad.fi\/barnensestrad\/wp-json\/wp\/v2\/pages"}],"about":[{"href":"https:\/\/www.estrad.fi\/barnensestrad\/wp-json\/wp\/v2\/types\/page"}],"author":[{"embeddable":true,"href":"https:\/\/www.estrad.fi\/barnensestrad\/wp-json\/wp\/v2\/users\/2"}],"replies":[{"embeddable":true,"href":"https:\/\/www.estrad.fi\/barnensestrad\/wp-json\/wp\/v2\/comments?post=236"}],"version-history":[{"count":12,"href":"https:\/\/www.estrad.fi\/barnensestrad\/wp-json\/wp\/v2\/pages\/236\/revisions"}],"predecessor-version":[{"id":8633,"href":"https:\/\/www.estrad.fi\/barnensestrad\/wp-json\/wp\/v2\/pages\/236\/revisions\/8633"}],"up":[{"embeddable":true,"href":"https:\/\/www.estrad.fi\/barnensestrad\/wp-json\/wp\/v2\/pages\/954"}],"wp:attachment":[{"href":"https:\/\/www.estrad.fi\/barnensestrad\/wp-json\/wp\/v2\/media?parent=236"}],"curies":[{"name":"wp","href":"https:\/\/api.w.org\/{rel}","templated":true}]}}