{"id":614,"date":"2013-01-09T09:17:28","date_gmt":"2013-01-09T07:17:28","guid":{"rendered":"http:\/\/www.estrad.fi\/barnensestrad\/?page_id=614"},"modified":"2023-10-11T14:27:17","modified_gmt":"2023-10-11T11:27:17","slug":"2012-2","status":"publish","type":"page","link":"https:\/\/www.estrad.fi\/barnensestrad\/om-barnens-estrad\/2012-2\/","title":{"rendered":"2012"},"content":{"rendered":"\n<p class=\" eplus-wrapper\"><strong>Alfons och M\u00e5llgan<\/strong><br>Artister: Carla Fri som Alfons och Anders Gr\u00f6nroos som ber\u00e4ttare, pappan och musiker<br>F\u00f6rest\u00e4llningar\/publik:<br>Sammanlagt c. 80 f\u00f6rest\u00e4llningar.<br>Info on f\u00f6rest\u00e4llningen hittas&nbsp;<a href=\"http:\/\/kund.skargardsreklam.fi\/estrad\/barnensestrad\/?page_id=57\">h\u00e4r<\/a>.<\/p>\n\n\n\n<hr class=\" wp-block-separator has-alpha-channel-opacity eplus-wrapper\"\/>\n\n\n\n<p class=\" eplus-wrapper\"><strong>Apan Anders<br><\/strong>Artister: Anders \u201dApan Anders\u201d Gr\u00f6nroos<br>Apan Anders konsert f\u00f6r 1-8-\u00e5riga barn.<br>F\u00f6rest\u00e4llningar\/publik:<br>Apan Anders konsert, hittills \u00f6ver 2300 konserter och turn\u00e9n forts\u00e4tter.<br>Apan Anders sidor hittas&nbsp;<a href=\"http:\/\/www.andersgronroos.com\/apananders\" target=\"_blank\" rel=\"noreferrer noopener\">h\u00e4r<\/a>.<\/p>\n\n\n\n<hr class=\" wp-block-separator has-alpha-channel-opacity eplus-wrapper\"\/>\n\n\n\n<p class=\" eplus-wrapper\"><strong>Apan Anders laulaa kahdella kielell\u00e4<\/strong><br>Artister:<br>Apan Anders spr\u00e5kkonsert f\u00f6r finska barn i 5-8-\u00e5rs \u00e5ldern.<br>F\u00f6rest\u00e4llningar\/publik:<br>122 f\u00f6rest\u00e4llningar under 2012 inf\u00f6r en publik p\u00e5 c. 7700 barn.<br>Mera info om Apan Anders laulaa kahdella kielell\u00e4 finns&nbsp;<a href=\"http:\/\/kund.skargardsreklam.fi\/estrad\/barnensestrad\/?page_id=18\" target=\"_blank\" rel=\"noreferrer noopener\">h\u00e4r<\/a>&nbsp;och Apan Anders sidor hittas&nbsp;<a href=\"http:\/\/www.andersgronroos.com\/apananders\" target=\"_blank\" rel=\"noreferrer noopener\">h\u00e4r<\/a>.<\/p>\n\n\n\n<hr class=\" wp-block-separator has-alpha-channel-opacity eplus-wrapper\"\/>\n\n\n\n<p class=\" eplus-wrapper\"><strong>Barnens Kalasturn\u00e9 2012<br><\/strong>Artister: Mamma Mu och Kr\u00e5kan-teater, Apan Anders och trolleri, lekar, pyssel, mm<br>F\u00f6rest\u00e4llningar\/publik:<br>13 evenemang i \u00c5boland och i \u00d6sterbotten.<\/p>\n\n\n\n<hr class=\" wp-block-separator has-alpha-channel-opacity eplus-wrapper\"\/>\n\n\n\n<p class=\" eplus-wrapper\"><strong>Fanfar!<\/strong><br>Artister: Caroline Lillm\u00e5ns, Anders Gr\u00f6nroos och gitarristen Anders \u00d6stling<br>F\u00f6rest\u00e4llningar\/publik:<br>Premi\u00e4r i maj 2007. Under 2012 tv\u00e5 turn\u00e9er med 45 f\u00f6rest\u00e4llningar inf\u00f6r en publik p\u00e5 c. 5300 personer.<\/p>\n\n\n\n<hr class=\" wp-block-separator has-alpha-channel-opacity eplus-wrapper\"\/>\n\n\n\n<p class=\" eplus-wrapper\"><strong>MUSIK! &#8211; kahdella kielell\u00e4<br><\/strong>Artister:<br>Carla Fri och Benny Ojala, gitarr. Spr\u00e5kkonsert f\u00f6r finska barn i \u00e5ldern 9-12-\u00e5r.<br>F\u00f6rest\u00e4llningar\/publik:<br>10 f\u00f6rest\u00e4llningar under 2012 inf\u00f6r en publik p\u00e5 c. 1000 barn.<br>Mera info om MUSIK! &#8211; kahdella kielell\u00e4 finns&nbsp;<a href=\"http:\/\/kund.skargardsreklam.fi\/estrad\/barnensestrad\/?page_id=78\">h\u00e4r<\/a>.<\/p>\n\n\n\n<hr class=\" wp-block-separator has-alpha-channel-opacity eplus-wrapper\"\/>\n\n\n\n<p class=\" eplus-wrapper\"><strong>Anders Estrad producerade:<br><\/strong>Kabar\u00e9 med Nilla&nbsp;Hansson&nbsp;och Jan Sigurd + musiker<br>Skivreleaseturn\u00e9 i Svenskfinland, 8 konserter.<\/p>\n\n\n\n<p class=\" eplus-wrapper\"><strong>Anders Estrad f\u00f6rmedlade artister:<br><\/strong>Povels Naturbarn, Lotta &amp; Mikael Ramel + Backa Hans Eriksson<br>Fyra shower i \u00c5boland och Nyland.<\/p>\n","protected":false},"excerpt":{"rendered":"<p>Alfons och M\u00e5llganArtister: Carla Fri som Alfons och Anders Gr\u00f6nroos som ber\u00e4ttare, pappan och musikerF\u00f6rest\u00e4llningar\/publik:Sammanlagt c. 80 f\u00f6rest\u00e4llningar.Info on f\u00f6rest\u00e4llningen hittas&nbsp;h\u00e4r. Apan AndersArtister: Anders \u201dApan Anders\u201d Gr\u00f6nroosApan Anders konsert f\u00f6r &hellip; <a href=\"https:\/\/www.estrad.fi\/barnensestrad\/om-barnens-estrad\/2012-2\/\" class=\"more-link\">Forts\u00e4tt l\u00e4sa<span class=\"screen-reader-text\"> &#8221;2012&#8221;<\/span><\/a><\/p>\n","protected":false},"author":2,"featured_media":0,"parent":954,"menu_order":41,"comment_status":"open","ping_status":"closed","template":"","meta":{"editor_plus_copied_stylings":"{}","_price":"","_stock":"","_tribe_ticket_header":"","_tribe_default_ticket_provider":"","_tribe_ticket_capacity":"0","_ticket_start_date":"","_ticket_end_date":"","_tribe_ticket_show_description":"","_tribe_ticket_show_not_going":false,"_tribe_ticket_use_global_stock":"","_tribe_ticket_global_stock_level":"","_global_stock_mode":"","_global_stock_cap":"","_tribe_rsvp_for_event":"","_tribe_ticket_going_count":"","_tribe_ticket_not_going_count":"","_tribe_tickets_list":"[]","_tribe_ticket_has_attendee_info_fields":false,"footnotes":"","_tec_slr_enabled":"","_tec_slr_layout":""},"class_list":["post-614","page","type-page","status-publish","hentry"],"ticketed":false,"_links":{"self":[{"href":"https:\/\/www.estrad.fi\/barnensestrad\/wp-json\/wp\/v2\/pages\/614","targetHints":{"allow":["GET"]}}],"collection":[{"href":"https:\/\/www.estrad.fi\/barnensestrad\/wp-json\/wp\/v2\/pages"}],"about":[{"href":"https:\/\/www.estrad.fi\/barnensestrad\/wp-json\/wp\/v2\/types\/page"}],"author":[{"embeddable":true,"href":"https:\/\/www.estrad.fi\/barnensestrad\/wp-json\/wp\/v2\/users\/2"}],"replies":[{"embeddable":true,"href":"https:\/\/www.estrad.fi\/barnensestrad\/wp-json\/wp\/v2\/comments?post=614"}],"version-history":[{"count":5,"href":"https:\/\/www.estrad.fi\/barnensestrad\/wp-json\/wp\/v2\/pages\/614\/revisions"}],"predecessor-version":[{"id":8630,"href":"https:\/\/www.estrad.fi\/barnensestrad\/wp-json\/wp\/v2\/pages\/614\/revisions\/8630"}],"up":[{"embeddable":true,"href":"https:\/\/www.estrad.fi\/barnensestrad\/wp-json\/wp\/v2\/pages\/954"}],"wp:attachment":[{"href":"https:\/\/www.estrad.fi\/barnensestrad\/wp-json\/wp\/v2\/media?parent=614"}],"curies":[{"name":"wp","href":"https:\/\/api.w.org\/{rel}","templated":true}]}}

<p class=" eplus-wrapper"><strong>Alfons och Mållgan</strong><br>Artister: Carla Fri som Alfons och Anders Grönroos som berättare, pappan och musiker<br>Föreställningar/publik:<br>Sammanlagt c. 80 föreställningar.<br>Info on föreställningen hittas&nbsp;<a href="http://kund.skargardsreklam.fi/estrad/barnensestrad/?page_id=57">här</a>.</p>



<hr class=" wp-block-separator has-alpha-channel-opacity eplus-wrapper"/>



<p class=" eplus-wrapper"><strong>Apan Anders<br></strong>Artister: Anders ”Apan Anders” Grönroos<br>Apan Anders konsert för 1-8-åriga barn.<br>Föreställningar/publik:<br>Apan Anders konsert, hittills över 2300 konserter och turnén fortsätter.<br>Apan Anders sidor hittas&nbsp;<a href="http://www.andersgronroos.com/apananders" target="_blank" rel="noreferrer noopener">här</a>.</p>



<hr class=" wp-block-separator has-alpha-channel-opacity eplus-wrapper"/>



<p class=" eplus-wrapper"><strong>Apan Anders laulaa kahdella kielellä</strong><br>Artister:<br>Apan Anders språkkonsert för finska barn i 5-8-års åldern.<br>Föreställningar/publik:<br>122 föreställningar under 2012 inför en publik på c. 7700 barn.<br>Mera info om Apan Anders laulaa kahdella kielellä finns&nbsp;<a href="http://kund.skargardsreklam.fi/estrad/barnensestrad/?page_id=18" target="_blank" rel="noreferrer noopener">här</a>&nbsp;och Apan Anders sidor hittas&nbsp;<a href="http://www.andersgronroos.com/apananders" target="_blank" rel="noreferrer noopener">här</a>.</p>



<hr class=" wp-block-separator has-alpha-channel-opacity eplus-wrapper"/>



<p class=" eplus-wrapper"><strong>Barnens Kalasturné 2012<br></strong>Artister: Mamma Mu och Kråkan-teater, Apan Anders och trolleri, lekar, pyssel, mm<br>Föreställningar/publik:<br>13 evenemang i Åboland och i Österbotten.</p>



<hr class=" wp-block-separator has-alpha-channel-opacity eplus-wrapper"/>



<p class=" eplus-wrapper"><strong>Fanfar!</strong><br>Artister: Caroline Lillmåns, Anders Grönroos och gitarristen Anders Östling<br>Föreställningar/publik:<br>Premiär i maj 2007. Under 2012 två turnéer med 45 föreställningar inför en publik på c. 5300 personer.</p>



<hr class=" wp-block-separator has-alpha-channel-opacity eplus-wrapper"/>



<p class=" eplus-wrapper"><strong>MUSIK! &#8211; kahdella kielellä<br></strong>Artister:<br>Carla Fri och Benny Ojala, gitarr. Språkkonsert för finska barn i åldern 9-12-år.<br>Föreställningar/publik:<br>10 föreställningar under 2012 inför en publik på c. 1000 barn.<br>Mera info om MUSIK! &#8211; kahdella kielellä finns&nbsp;<a href="http://kund.skargardsreklam.fi/estrad/barnensestrad/?page_id=78">här</a>.</p>



<hr class=" wp-block-separator has-alpha-channel-opacity eplus-wrapper"/>



<p class=" eplus-wrapper"><strong>Anders Estrad producerade:<br></strong>Kabaré med Nilla&nbsp;Hansson&nbsp;och Jan Sigurd + musiker<br>Skivreleaseturné i Svenskfinland, 8 konserter.</p>



<p class=" eplus-wrapper"><strong>Anders Estrad förmedlade artister:<br></strong>Povels Naturbarn, Lotta &amp; Mikael Ramel + Backa Hans Eriksson<br>Fyra shower i Åboland och Nyland.</p>

<p>Alfons och MållganArtister: Carla Fri som Alfons och Anders Grönroos som berättare, pappan och musikerFöreställningar/publik:Sammanlagt c. 80 föreställningar.Info on föreställningen hittas&nbsp;här. Apan AndersArtister: Anders ”Apan Anders” GrönroosApan Anders konsert för &hellip; <a href="https://www.estrad.fi/barnensestrad/om-barnens-estrad/2012-2/" class="more-link">Fortsätt läsa<span class="screen-reader-text"> &#8221;2012&#8221;</span></a></p>
