{"id":968,"date":"2014-12-04T10:32:40","date_gmt":"2014-12-04T08:32:40","guid":{"rendered":"http:\/\/www.estrad.fi\/barnensestrad\/?page_id=968"},"modified":"2023-10-11T14:25:20","modified_gmt":"2023-10-11T11:25:20","slug":"2013-2","status":"publish","type":"page","link":"https:\/\/www.estrad.fi\/barnensestrad\/om-barnens-estrad\/2013-2\/","title":{"rendered":"2013"},"content":{"rendered":"\n<p class=\" eplus-wrapper\"><strong>Alfons och M\u00e5llgan<\/strong><br>Artister: Carla Fri som Alfons och Anders Gr\u00f6nroos som ber\u00e4ttare, pappan och musiker<br>F\u00f6rest\u00e4llningar\/publik:<br>Hittills &nbsp;c. 100 f\u00f6rest\u00e4llningar.<br>Info on f\u00f6rest\u00e4llningen hittas&nbsp;<a href=\"http:\/\/kund.skargardsreklam.fi\/estrad\/barnensestrad\/?page_id=57\">h\u00e4r<\/a>.<\/p>\n\n\n\n<hr class=\" wp-block-separator has-alpha-channel-opacity eplus-wrapper\"\/>\n\n\n\n<p class=\" eplus-wrapper\"><strong>Skivreleaseturn\u00e9 f\u00f6r Apan Anders skiva &#8221;Hemma hos mig&#8221;<\/strong><br>Artister: Apan Anders konsert + Alfons och M\u00e5llgan\/Mamma Mu och Kr\u00e5kan<br>F\u00f6rest\u00e4llningar\/publik:<br>16 evenemang i hela Svenskfinland, c. 3000 personer.<\/p>\n\n\n\n<hr class=\" wp-block-separator has-alpha-channel-opacity eplus-wrapper\"\/>\n\n\n\n<p class=\" eplus-wrapper\"><strong>Apan Anders laulaa kahdella kielell\u00e4<\/strong><br>Artister:<br>Apan Anders spr\u00e5kkonsert f\u00f6r finska barn i 5-8-\u00e5rs \u00e5ldern.<br>F\u00f6rest\u00e4llningar\/publik:<br>Hittills &nbsp;c. 550 f\u00f6rest\u00e4llningar.<br>Mera info om Apan Anders laulaa kahdella kielell\u00e4 finns&nbsp;<a href=\"http:\/\/kund.skargardsreklam.fi\/estrad\/barnensestrad\/?page_id=18\" target=\"_blank\" rel=\"noreferrer noopener\">h\u00e4r<\/a>&nbsp;och Apan Anders sidor hittas&nbsp;<a href=\"http:\/\/www.andersgronroos.com\/apananders\" target=\"_blank\" rel=\"noreferrer noopener\">h\u00e4r<\/a>.<\/p>\n\n\n\n<hr class=\" wp-block-separator has-alpha-channel-opacity eplus-wrapper\"\/>\n\n\n\n<p class=\" eplus-wrapper\"><strong>Barnens Kalasturn\u00e9 2013<br><\/strong>Artister: M\u00e4sterkatten i st\u00f6vlar-teater, Apan Anders och Dr\u00e4ngen Kaj, lekar, pyssel, mm<br>F\u00f6rest\u00e4llningar\/publik:<br>14 evenemang i \u00c5boland, V\u00e4stra Nyland och i \u00d6sterbotten.<\/p>\n\n\n\n<hr class=\" wp-block-separator has-alpha-channel-opacity eplus-wrapper\"\/>\n\n\n\n<p class=\" eplus-wrapper\"><strong>Fanfar!<\/strong><br>Artister: Caroline Lillm\u00e5ns\/Jessica Riippa, Anders Gr\u00f6nroos och gitarristen Anders \u00d6stling<br>F\u00f6rest\u00e4llningar\/publik:<br>Premi\u00e4r i maj 2007. Hittills sammanlagt \u00f6ver 250 konserter.<\/p>\n\n\n\n<hr class=\" wp-block-separator has-alpha-channel-opacity eplus-wrapper\"\/>\n\n\n\n<p class=\" eplus-wrapper\"><strong>MUSIK! &#8211; kahdella kielell\u00e4<br><\/strong>Artister:<br>Carla Fri och Benny Ojala, gitarr. Spr\u00e5kkonsert f\u00f6r finska barn i \u00e5ldern 9-12-\u00e5r.<br>F\u00f6rest\u00e4llningar\/publik:<br>Premi\u00e4r i maj 2011. Hittills sammanlagt \u00f6ver 50 konserter.<br>Mera info om MUSIK! &#8211; kahdella kielell\u00e4 finns&nbsp;<a href=\"http:\/\/kund.skargardsreklam.fi\/estrad\/barnensestrad\/?page_id=78\">h\u00e4r<\/a>.<\/p>\n\n\n\n<hr class=\" wp-block-separator has-alpha-channel-opacity eplus-wrapper\"\/>\n\n\n\n<p class=\" eplus-wrapper\"><strong>Anders Estrad f\u00f6rmedlade artister:<br><\/strong>Povels Naturbarn, Lotta &amp; Mikael Ramel + Backa Hans Eriksson<br>En show i Helsingfors och en show i Borg\u00e5.<\/p>\n","protected":false},"excerpt":{"rendered":"<p>Alfons och M\u00e5llganArtister: Carla Fri som Alfons och Anders Gr\u00f6nroos som ber\u00e4ttare, pappan och musikerF\u00f6rest\u00e4llningar\/publik:Hittills &nbsp;c. 100 f\u00f6rest\u00e4llningar.Info on f\u00f6rest\u00e4llningen hittas&nbsp;h\u00e4r. Skivreleaseturn\u00e9 f\u00f6r Apan Anders skiva &#8221;Hemma hos mig&#8221;Artister: Apan &hellip; <a href=\"https:\/\/www.estrad.fi\/barnensestrad\/om-barnens-estrad\/2013-2\/\" class=\"more-link\">Forts\u00e4tt l\u00e4sa<span class=\"screen-reader-text\"> &#8221;2013&#8221;<\/span><\/a><\/p>\n","protected":false},"author":2,"featured_media":0,"parent":954,"menu_order":39,"comment_status":"open","ping_status":"closed","template":"","meta":{"editor_plus_copied_stylings":"{}","_price":"","_stock":"","_tribe_ticket_header":"","_tribe_default_ticket_provider":"","_tribe_ticket_capacity":"0","_ticket_start_date":"","_ticket_end_date":"","_tribe_ticket_show_description":"","_tribe_ticket_show_not_going":false,"_tribe_ticket_use_global_stock":"","_tribe_ticket_global_stock_level":"","_global_stock_mode":"","_global_stock_cap":"","_tribe_rsvp_for_event":"","_tribe_ticket_going_count":"","_tribe_ticket_not_going_count":"","_tribe_tickets_list":"[]","_tribe_ticket_has_attendee_info_fields":false,"footnotes":"","_tec_slr_enabled":"","_tec_slr_layout":""},"class_list":["post-968","page","type-page","status-publish","hentry"],"ticketed":false,"_links":{"self":[{"href":"https:\/\/www.estrad.fi\/barnensestrad\/wp-json\/wp\/v2\/pages\/968","targetHints":{"allow":["GET"]}}],"collection":[{"href":"https:\/\/www.estrad.fi\/barnensestrad\/wp-json\/wp\/v2\/pages"}],"about":[{"href":"https:\/\/www.estrad.fi\/barnensestrad\/wp-json\/wp\/v2\/types\/page"}],"author":[{"embeddable":true,"href":"https:\/\/www.estrad.fi\/barnensestrad\/wp-json\/wp\/v2\/users\/2"}],"replies":[{"embeddable":true,"href":"https:\/\/www.estrad.fi\/barnensestrad\/wp-json\/wp\/v2\/comments?post=968"}],"version-history":[{"count":3,"href":"https:\/\/www.estrad.fi\/barnensestrad\/wp-json\/wp\/v2\/pages\/968\/revisions"}],"predecessor-version":[{"id":8629,"href":"https:\/\/www.estrad.fi\/barnensestrad\/wp-json\/wp\/v2\/pages\/968\/revisions\/8629"}],"up":[{"embeddable":true,"href":"https:\/\/www.estrad.fi\/barnensestrad\/wp-json\/wp\/v2\/pages\/954"}],"wp:attachment":[{"href":"https:\/\/www.estrad.fi\/barnensestrad\/wp-json\/wp\/v2\/media?parent=968"}],"curies":[{"name":"wp","href":"https:\/\/api.w.org\/{rel}","templated":true}]}}