{"id":11702,"date":"2024-08-20T14:49:59","date_gmt":"2024-08-20T11:49:59","guid":{"rendered":"https:\/\/www.estrad.fi\/barnensestrad\/?post_type=tribe_events&#038;p=11702"},"modified":"2024-08-20T14:53:26","modified_gmt":"2024-08-20T11:53:26","slug":"mamma-mu-och-krakan-firar-jul-20-11-2024-kl-18-sibbo","status":"publish","type":"tribe_events","link":"https:\/\/www.estrad.fi\/barnensestrad\/event\/mamma-mu-och-krakan-firar-jul-20-11-2024-kl-18-sibbo\/","title":{"rendered":"Mamma Mu och Kr\u00e5kan firar jul, 20.11.2024 kl. 18, Sibbo"},"content":{"rendered":"<p><b>On. 20.11.2024 kl. 18-18.40, Sibbo, Topeliussalen<\/b><b><br \/>\n<\/b>Teater: Mamma Mu och Kr\u00e5kan firar jul<br \/>\nBiljetter:<br \/>\n15 \u20ac\/person.<br \/>\nGruppbiljett, 5 personer: 65 \u20ac.<br \/>\n0-1-\u00e5ringar gratis.<br \/>\nF\u00f6rest\u00e4llningens l\u00e4ngd: c. 35 minuter.<\/p>\n","protected":false},"excerpt":{"rendered":"<p>On. 20.11.2024 kl. 18-18.40, Sibbo, Topeliussalen Teater: Mamma Mu och Kr\u00e5kan firar jul Biljetter: 15 \u20ac\/person. Gruppbiljett, 5 personer: 65 \u20ac. 0-1-\u00e5ringar gratis. F\u00f6rest\u00e4llningens l\u00e4ngd: c. 35 minuter.<\/p>\n","protected":false},"author":2,"featured_media":2472,"template":"","meta":{"editor_plus_copied_stylings":"{}","_price":"","_stock":"","_tribe_ticket_header":"","_tribe_default_ticket_provider":"Tribe__Tickets_Plus__Commerce__WooCommerce__Main","_tribe_ticket_capacity":"0","_ticket_start_date":"","_ticket_end_date":"","_tribe_ticket_show_description":"","_tribe_ticket_show_not_going":false,"_tribe_ticket_use_global_stock":"","_tribe_ticket_global_stock_level":"","_global_stock_mode":"","_global_stock_cap":"","_tribe_rsvp_for_event":"","_tribe_ticket_going_count":"","_tribe_ticket_not_going_count":"","_tribe_tickets_list":"[{\"id\":11703,\"type\":\"default\",\"title\":\"Mamma Mu och Kr\\u00e5kan firar jul, 20.11.2024 kl. 18, Sibbo, Enkelbiljett\",\"description\":\"\",\"capacityType\":\"own\",\"price\":15,\"capacity\":162,\"available\":21,\"sharedCapacity\":162,\"sold\":0,\"shareSold\":0,\"isShared\":false,\"currencyDecimalPoint\":\",\",\"currencyNumberOfDecimals\":2,\"currencyPosition\":\"postfix\",\"currencySymbol\":\"\\u20ac\",\"currencyThousandsSep\":\"\"},{\"id\":11704,\"type\":\"default\",\"title\":\"Mamma Mu och Kr\\u00e5kan firar jul, 20.11.2024 kl. 18, Sibbo, Gruppbiljett\\\/5pers\",\"description\":\"\",\"capacityType\":\"own\",\"price\":65,\"capacity\":14,\"available\":3,\"sharedCapacity\":14,\"sold\":0,\"shareSold\":0,\"isShared\":false,\"currencyDecimalPoint\":\",\",\"currencyNumberOfDecimals\":2,\"currencyPosition\":\"postfix\",\"currencySymbol\":\"\\u20ac\",\"currencyThousandsSep\":\"\"}]","_tribe_ticket_has_attendee_info_fields":false,"_tribe_events_status":"","_tribe_events_status_reason":"","footnotes":"","_tec_slr_enabled":"","_tec_slr_layout":""},"tags":[],"tribe_events_cat":[],"class_list":["post-11702","tribe_events","type-tribe_events","status-publish","has-post-thumbnail","hentry"],"ticketed":["woo"],"_links":{"self":[{"href":"https:\/\/www.estrad.fi\/barnensestrad\/wp-json\/wp\/v2\/tribe_events\/11702","targetHints":{"allow":["GET"]}}],"collection":[{"href":"https:\/\/www.estrad.fi\/barnensestrad\/wp-json\/wp\/v2\/tribe_events"}],"about":[{"href":"https:\/\/www.estrad.fi\/barnensestrad\/wp-json\/wp\/v2\/types\/tribe_events"}],"author":[{"embeddable":true,"href":"https:\/\/www.estrad.fi\/barnensestrad\/wp-json\/wp\/v2\/users\/2"}],"version-history":[{"count":1,"href":"https:\/\/www.estrad.fi\/barnensestrad\/wp-json\/wp\/v2\/tribe_events\/11702\/revisions"}],"predecessor-version":[{"id":11706,"href":"https:\/\/www.estrad.fi\/barnensestrad\/wp-json\/wp\/v2\/tribe_events\/11702\/revisions\/11706"}],"wp:featuredmedia":[{"embeddable":true,"href":"https:\/\/www.estrad.fi\/barnensestrad\/wp-json\/wp\/v2\/media\/2472"}],"wp:attachment":[{"href":"https:\/\/www.estrad.fi\/barnensestrad\/wp-json\/wp\/v2\/media?parent=11702"}],"wp:term":[{"taxonomy":"post_tag","embeddable":true,"href":"https:\/\/www.estrad.fi\/barnensestrad\/wp-json\/wp\/v2\/tags?post=11702"},{"taxonomy":"tribe_events_cat","embeddable":true,"href":"https:\/\/www.estrad.fi\/barnensestrad\/wp-json\/wp\/v2\/tribe_events_cat?post=11702"}],"curies":[{"name":"wp","href":"https:\/\/api.w.org\/{rel}","templated":true}]}}

Mamma Mu och Kråkan firar jul, 20.11.2024 kl. 18, Sibbo

<p><b>On. 20.11.2024 kl. 18-18.40, Sibbo, Topeliussalen</b><b><br />
</b>Teater: Mamma Mu och Kråkan firar jul<br />
Biljetter:<br />
15 €/person.<br />
Gruppbiljett, 5 personer: 65 €.<br />
0-1-åringar gratis.<br />
Föreställningens längd: c. 35 minuter.</p>

<p>On. 20.11.2024 kl. 18-18.40, Sibbo, Topeliussalen Teater: Mamma Mu och Kråkan firar jul Biljetter: 15 €/person. Gruppbiljett, 5 personer: 65 €. 0-1-åringar gratis. Föreställningens längd: c. 35 minuter.</p>
