{"id":17087,"date":"2026-04-28T18:40:02","date_gmt":"2026-04-28T15:40:02","guid":{"rendered":"https:\/\/www.estrad.fi\/barnensestrad\/?post_type=tribe_events&#038;p=17087"},"modified":"2026-04-28T19:58:03","modified_gmt":"2026-04-28T16:58:03","slug":"findus-flyttar-ut-1-7-2026-kl-15-kyrkslatt","status":"publish","type":"tribe_events","link":"https:\/\/www.estrad.fi\/barnensestrad\/event\/findus-flyttar-ut-1-7-2026-kl-15-kyrkslatt\/","title":{"rendered":"Findus flyttar ut, 1.7.2026 kl. 15, Kyrksl\u00e4tt"},"content":{"rendered":"<p><b>On. 1.7.2026 kl. 15-15.40, Kyrksl\u00e4tt, Bygdebo, <\/b>Volsv\u00e4gen 688<b><br \/>\n<\/b>Teater: Findus flyttar ut<br \/>\nBiljetter:<br \/>\n16,50 \u20ac\/person.<br \/>\nGruppbiljett, 5 personer: 70 \u20ac.<br \/>\n0-1-\u00e5ringar gratis.<br \/>\nF\u00f6rest\u00e4llningens l\u00e4ngd: c. 35 minuter.<br \/>\n<span style=\"color: #ff6600;\"><em><strong>OBS: Vid k\u00f6p med telefon ska man skriva in antal biljetter, med dator kan man klicka p\u00e5 + till r\u00e4tt antal.<\/strong><\/em><\/span><\/p>\n","protected":false},"excerpt":{"rendered":"<p>On. 1.7.2026 kl. 15-15.40, Kyrksl\u00e4tt, Bygdebo, Volsv\u00e4gen 688 Teater: Findus flyttar ut Biljetter: 16,50 \u20ac\/person. Gruppbiljett, 5 personer: 70 \u20ac. 0-1-\u00e5ringar gratis. F\u00f6rest\u00e4llningens l\u00e4ngd: c. 35 minuter. OBS: Vid k\u00f6p &hellip; <a href=\"https:\/\/www.estrad.fi\/barnensestrad\/event\/findus-flyttar-ut-1-7-2026-kl-15-kyrkslatt\/\" class=\"more-link\">Forts\u00e4tt l\u00e4sa<span class=\"screen-reader-text\"> &#8221;Findus flyttar ut, 1.7.2026 kl. 15, Kyrksl\u00e4tt&#8221;<\/span><\/a><\/p>\n","protected":false},"author":2,"featured_media":6682,"template":"","meta":{"editor_plus_copied_stylings":"{}","_price":"","_stock":"","_tribe_ticket_header":"","_tribe_default_ticket_provider":"Tribe__Tickets_Plus__Commerce__WooCommerce__Main","_tribe_ticket_capacity":"0","_ticket_start_date":"","_ticket_end_date":"","_tribe_ticket_show_description":"","_tribe_ticket_show_not_going":false,"_tribe_ticket_use_global_stock":"","_tribe_ticket_global_stock_level":"","_global_stock_mode":"","_global_stock_cap":"","_tribe_rsvp_for_event":"","_tribe_ticket_going_count":"","_tribe_ticket_not_going_count":"","_tribe_tickets_list":"[{\"id\":17088,\"type\":\"default\",\"title\":\"Findus flyttar ut, 1.7-26 kl. 15, Kyrksl\\u00e4tt, enkelbiljett\",\"description\":\"\",\"capacityType\":\"own\",\"price\":16.5,\"capacity\":75,\"available\":75,\"sharedCapacity\":75,\"sold\":0,\"shareSold\":0,\"isShared\":false,\"currencyDecimalPoint\":\",\",\"currencyNumberOfDecimals\":2,\"currencyPosition\":\"postfix\",\"currencySymbol\":\"\\u20ac\",\"currencyThousandsSep\":\"\"},{\"id\":17089,\"type\":\"default\",\"title\":\"Findus flyttar ut, 1.7-26 kl. 15, Kyrksl\\u00e4tt, gruppbiljett, 5pers\",\"description\":\"\",\"capacityType\":\"own\",\"price\":70,\"capacity\":5,\"available\":5,\"sharedCapacity\":5,\"sold\":0,\"shareSold\":0,\"isShared\":false,\"currencyDecimalPoint\":\",\",\"currencyNumberOfDecimals\":2,\"currencyPosition\":\"postfix\",\"currencySymbol\":\"\\u20ac\",\"currencyThousandsSep\":\"\"}]","_tribe_ticket_has_attendee_info_fields":false,"_tribe_events_status":"","_tribe_events_status_reason":"","footnotes":"","_tec_slr_enabled":"","_tec_slr_layout":""},"tags":[],"tribe_events_cat":[],"class_list":["post-17087","tribe_events","type-tribe_events","status-publish","has-post-thumbnail","hentry"],"ticketed":["woo"],"_links":{"self":[{"href":"https:\/\/www.estrad.fi\/barnensestrad\/wp-json\/wp\/v2\/tribe_events\/17087","targetHints":{"allow":["GET"]}}],"collection":[{"href":"https:\/\/www.estrad.fi\/barnensestrad\/wp-json\/wp\/v2\/tribe_events"}],"about":[{"href":"https:\/\/www.estrad.fi\/barnensestrad\/wp-json\/wp\/v2\/types\/tribe_events"}],"author":[{"embeddable":true,"href":"https:\/\/www.estrad.fi\/barnensestrad\/wp-json\/wp\/v2\/users\/2"}],"version-history":[{"count":1,"href":"https:\/\/www.estrad.fi\/barnensestrad\/wp-json\/wp\/v2\/tribe_events\/17087\/revisions"}],"predecessor-version":[{"id":17093,"href":"https:\/\/www.estrad.fi\/barnensestrad\/wp-json\/wp\/v2\/tribe_events\/17087\/revisions\/17093"}],"wp:featuredmedia":[{"embeddable":true,"href":"https:\/\/www.estrad.fi\/barnensestrad\/wp-json\/wp\/v2\/media\/6682"}],"wp:attachment":[{"href":"https:\/\/www.estrad.fi\/barnensestrad\/wp-json\/wp\/v2\/media?parent=17087"}],"wp:term":[{"taxonomy":"post_tag","embeddable":true,"href":"https:\/\/www.estrad.fi\/barnensestrad\/wp-json\/wp\/v2\/tags?post=17087"},{"taxonomy":"tribe_events_cat","embeddable":true,"href":"https:\/\/www.estrad.fi\/barnensestrad\/wp-json\/wp\/v2\/tribe_events_cat?post=17087"}],"curies":[{"name":"wp","href":"https:\/\/api.w.org\/{rel}","templated":true}]}}

Findus flyttar ut, 1.7.2026 kl. 15, Kyrkslätt

<p><b>On. 1.7.2026 kl. 15-15.40, Kyrkslätt, Bygdebo, </b>Volsvägen 688<b><br />
</b>Teater: Findus flyttar ut<br />
Biljetter:<br />
16,50 €/person.<br />
Gruppbiljett, 5 personer: 70 €.<br />
0-1-åringar gratis.<br />
Föreställningens längd: c. 35 minuter.<br />
<span style="color: #ff6600;"><em><strong>OBS: Vid köp med telefon ska man skriva in antal biljetter, med dator kan man klicka på + till rätt antal.</strong></em></span></p>

<p>On. 1.7.2026 kl. 15-15.40, Kyrkslätt, Bygdebo, Volsvägen 688 Teater: Findus flyttar ut Biljetter: 16,50 €/person. Gruppbiljett, 5 personer: 70 €. 0-1-åringar gratis. Föreställningens längd: c. 35 minuter. OBS: Vid köp &hellip; <a href="https://www.estrad.fi/barnensestrad/event/findus-flyttar-ut-1-7-2026-kl-15-kyrkslatt/" class="more-link">Fortsätt läsa<span class="screen-reader-text"> &#8221;Findus flyttar ut, 1.7.2026 kl. 15, Kyrkslätt&#8221;</span></a></p>
