{"id":17101,"date":"2026-04-28T19:12:27","date_gmt":"2026-04-28T16:12:27","guid":{"rendered":"https:\/\/www.estrad.fi\/barnensestrad\/?post_type=tribe_events&#038;p=17101"},"modified":"2026-04-28T19:55:38","modified_gmt":"2026-04-28T16:55:38","slug":"findus-flyttar-ut-6-7-26-kl-15-sodra-vallgrund","status":"publish","type":"tribe_events","link":"https:\/\/www.estrad.fi\/barnensestrad\/event\/findus-flyttar-ut-6-7-26-kl-15-sodra-vallgrund\/","title":{"rendered":"Findus flyttar ut, 6.7-26 kl. 15, S\u00f6dra Vallgrund"},"content":{"rendered":"<p><b>M\u00e5. 6.7.2026 kl. 15-15.40, Korsholm, S\u00f6dra Vallgrund, <\/b>UF Havsbandet<b><br \/>\n<\/b>Teater: Findus flyttar ut<br \/>\nBiljetter:<br \/>\n16,50 \u20ac\/person.<br \/>\nGruppbiljett, 5 personer: 70 \u20ac.<br \/>\n0-1-\u00e5ringar gratis.<br \/>\nF\u00f6rest\u00e4llningens l\u00e4ngd: c. 35 minuter.<br \/>\n<span style=\"color: #ff6600;\"><em><strong>OBS: Vid k\u00f6p med telefon ska man skriva in antal biljetter, med dator kan man klicka p\u00e5 + till r\u00e4tt antal.<\/strong><\/em><\/span><\/p>\n","protected":false},"excerpt":{"rendered":"<p>M\u00e5. 6.7.2026 kl. 15-15.40, Korsholm, S\u00f6dra Vallgrund, UF Havsbandet Teater: Findus flyttar ut Biljetter: 16,50 \u20ac\/person. Gruppbiljett, 5 personer: 70 \u20ac. 0-1-\u00e5ringar gratis. F\u00f6rest\u00e4llningens l\u00e4ngd: c. 35 minuter. OBS: Vid &hellip; <a href=\"https:\/\/www.estrad.fi\/barnensestrad\/event\/findus-flyttar-ut-6-7-26-kl-15-sodra-vallgrund\/\" class=\"more-link\">Forts\u00e4tt l\u00e4sa<span class=\"screen-reader-text\"> &#8221;Findus flyttar ut, 6.7-26 kl. 15, S\u00f6dra Vallgrund&#8221;<\/span><\/a><\/p>\n","protected":false},"author":2,"featured_media":6682,"template":"","meta":{"editor_plus_copied_stylings":"{}","_price":"","_stock":"","_tribe_ticket_header":"","_tribe_default_ticket_provider":"Tribe__Tickets_Plus__Commerce__WooCommerce__Main","_tribe_ticket_capacity":"0","_ticket_start_date":"","_ticket_end_date":"","_tribe_ticket_show_description":"","_tribe_ticket_show_not_going":false,"_tribe_ticket_use_global_stock":"","_tribe_ticket_global_stock_level":"","_global_stock_mode":"","_global_stock_cap":"","_tribe_rsvp_for_event":"","_tribe_ticket_going_count":"","_tribe_ticket_not_going_count":"","_tribe_tickets_list":"[{\"id\":17102,\"type\":\"default\",\"title\":\"Findus flyttar ut, 6.7-26 kl. 15, S\\u00f6dra Vallgrund, enkelbiljett\",\"description\":\"\",\"capacityType\":\"own\",\"price\":16.5,\"capacity\":90,\"available\":90,\"sharedCapacity\":90,\"sold\":0,\"shareSold\":0,\"isShared\":false,\"currencyDecimalPoint\":\",\",\"currencyNumberOfDecimals\":2,\"currencyPosition\":\"postfix\",\"currencySymbol\":\"\\u20ac\",\"currencyThousandsSep\":\"\"},{\"id\":17103,\"type\":\"default\",\"title\":\"Findus flyttar ut, 6.7-26 kl. 15, S\\u00f6dra Vallgrund, gruppbilj, 5 pers.\",\"description\":\"\",\"capacityType\":\"own\",\"price\":70,\"capacity\":7,\"available\":7,\"sharedCapacity\":7,\"sold\":0,\"shareSold\":0,\"isShared\":false,\"currencyDecimalPoint\":\",\",\"currencyNumberOfDecimals\":2,\"currencyPosition\":\"postfix\",\"currencySymbol\":\"\\u20ac\",\"currencyThousandsSep\":\"\"}]","_tribe_ticket_has_attendee_info_fields":false,"_tribe_events_status":"","_tribe_events_status_reason":"","footnotes":"","_tec_slr_enabled":"","_tec_slr_layout":""},"tags":[],"tribe_events_cat":[],"class_list":["post-17101","tribe_events","type-tribe_events","status-publish","has-post-thumbnail","hentry"],"ticketed":["woo"],"_links":{"self":[{"href":"https:\/\/www.estrad.fi\/barnensestrad\/wp-json\/wp\/v2\/tribe_events\/17101","targetHints":{"allow":["GET"]}}],"collection":[{"href":"https:\/\/www.estrad.fi\/barnensestrad\/wp-json\/wp\/v2\/tribe_events"}],"about":[{"href":"https:\/\/www.estrad.fi\/barnensestrad\/wp-json\/wp\/v2\/types\/tribe_events"}],"author":[{"embeddable":true,"href":"https:\/\/www.estrad.fi\/barnensestrad\/wp-json\/wp\/v2\/users\/2"}],"version-history":[{"count":1,"href":"https:\/\/www.estrad.fi\/barnensestrad\/wp-json\/wp\/v2\/tribe_events\/17101\/revisions"}],"predecessor-version":[{"id":17104,"href":"https:\/\/www.estrad.fi\/barnensestrad\/wp-json\/wp\/v2\/tribe_events\/17101\/revisions\/17104"}],"wp:featuredmedia":[{"embeddable":true,"href":"https:\/\/www.estrad.fi\/barnensestrad\/wp-json\/wp\/v2\/media\/6682"}],"wp:attachment":[{"href":"https:\/\/www.estrad.fi\/barnensestrad\/wp-json\/wp\/v2\/media?parent=17101"}],"wp:term":[{"taxonomy":"post_tag","embeddable":true,"href":"https:\/\/www.estrad.fi\/barnensestrad\/wp-json\/wp\/v2\/tags?post=17101"},{"taxonomy":"tribe_events_cat","embeddable":true,"href":"https:\/\/www.estrad.fi\/barnensestrad\/wp-json\/wp\/v2\/tribe_events_cat?post=17101"}],"curies":[{"name":"wp","href":"https:\/\/api.w.org\/{rel}","templated":true}]}}

Findus flyttar ut, 6.7-26 kl. 15, Södra Vallgrund

<p><b>Må. 6.7.2026 kl. 15-15.40, Korsholm, Södra Vallgrund, </b>UF Havsbandet<b><br />
</b>Teater: Findus flyttar ut<br />
Biljetter:<br />
16,50 €/person.<br />
Gruppbiljett, 5 personer: 70 €.<br />
0-1-åringar gratis.<br />
Föreställningens längd: c. 35 minuter.<br />
<span style="color: #ff6600;"><em><strong>OBS: Vid köp med telefon ska man skriva in antal biljetter, med dator kan man klicka på + till rätt antal.</strong></em></span></p>

<p>Må. 6.7.2026 kl. 15-15.40, Korsholm, Södra Vallgrund, UF Havsbandet Teater: Findus flyttar ut Biljetter: 16,50 €/person. Gruppbiljett, 5 personer: 70 €. 0-1-åringar gratis. Föreställningens längd: c. 35 minuter. OBS: Vid &hellip; <a href="https://www.estrad.fi/barnensestrad/event/findus-flyttar-ut-6-7-26-kl-15-sodra-vallgrund/" class="more-link">Fortsätt läsa<span class="screen-reader-text"> &#8221;Findus flyttar ut, 6.7-26 kl. 15, Södra Vallgrund&#8221;</span></a></p>
