{"id":8461,"date":"2023-10-05T17:23:50","date_gmt":"2023-10-05T14:23:50","guid":{"rendered":"https:\/\/www.estrad.fi\/barnensestrad\/?post_type=tribe_events&#038;p=8461"},"modified":"2023-10-05T17:25:37","modified_gmt":"2023-10-05T14:25:37","slug":"jul-med-alfons-30-11-2023-kl-18-30-jakobstad","status":"publish","type":"tribe_events","link":"https:\/\/www.estrad.fi\/barnensestrad\/event\/jul-med-alfons-30-11-2023-kl-18-30-jakobstad\/","title":{"rendered":"Jul med Alfons, 30.11.2023 kl. 18.30, Jakobstad"},"content":{"rendered":"<p><b>To. 30.11.2023 kl. 18.30-19.10, Jakobstad, Svenska g\u00e5rden<br \/>\n<\/b>Teater: Jul med Alfons \u00c5berg<br \/>\nBiljetter:<br \/>\n14,50 \u20ac\/person.<br \/>\nGruppbiljett, 5 personer: 60 \u20ac.<br \/>\n0-1-\u00e5ringar gratis.<br \/>\nF\u00f6rest\u00e4llningens l\u00e4ngd: c. 35 minuter.<\/p>\n","protected":false},"excerpt":{"rendered":"<p>To. 30.11.2023 kl. 18.30-19.10, Jakobstad, Svenska g\u00e5rden Teater: Jul med Alfons \u00c5berg Biljetter: 14,50 \u20ac\/person. Gruppbiljett, 5 personer: 60 \u20ac. 0-1-\u00e5ringar gratis. F\u00f6rest\u00e4llningens l\u00e4ngd: c. 35 minuter.<\/p>\n","protected":false},"author":2,"featured_media":8243,"template":"","meta":{"editor_plus_copied_stylings":"{}","_price":"","_stock":"","_tribe_ticket_header":"","_tribe_default_ticket_provider":"Tribe__Tickets_Plus__Commerce__WooCommerce__Main","_tribe_ticket_capacity":"0","_ticket_start_date":"","_ticket_end_date":"","_tribe_ticket_show_description":"","_tribe_ticket_show_not_going":false,"_tribe_ticket_use_global_stock":"","_tribe_ticket_global_stock_level":"","_global_stock_mode":"","_global_stock_cap":"","_tribe_rsvp_for_event":"","_tribe_ticket_going_count":"","_tribe_ticket_not_going_count":"","_tribe_tickets_list":"[{\"id\":8462,\"type\":\"default\",\"title\":\"Jul med Alfons, 30.11.2023 kl. 18.30, Jakobstad, enkelbiljett\",\"description\":\"\",\"capacityType\":\"own\",\"price\":14.5,\"capacity\":85,\"available\":41,\"sharedCapacity\":85,\"sold\":0,\"shareSold\":0,\"isShared\":false,\"currencyDecimalPoint\":\",\",\"currencyNumberOfDecimals\":2,\"currencyPosition\":\"postfix\",\"currencySymbol\":\"\\u20ac\",\"currencyThousandsSep\":\"\"},{\"id\":8463,\"type\":\"default\",\"title\":\"Jul med Alfons, 30.11.2023 kl. 18.30, Jakobstad, gruppbilj., 5 pers.\",\"description\":\"\",\"capacityType\":\"own\",\"price\":60,\"capacity\":5,\"available\":3,\"sharedCapacity\":5,\"sold\":0,\"shareSold\":0,\"isShared\":false,\"currencyDecimalPoint\":\",\",\"currencyNumberOfDecimals\":2,\"currencyPosition\":\"postfix\",\"currencySymbol\":\"\\u20ac\",\"currencyThousandsSep\":\"\"}]","_tribe_ticket_has_attendee_info_fields":false,"_tribe_events_status":"","_tribe_events_status_reason":"","footnotes":"","_tec_slr_enabled":"","_tec_slr_layout":""},"tags":[],"tribe_events_cat":[],"class_list":["post-8461","tribe_events","type-tribe_events","status-publish","has-post-thumbnail","hentry"],"ticketed":["woo"],"_links":{"self":[{"href":"https:\/\/www.estrad.fi\/barnensestrad\/wp-json\/wp\/v2\/tribe_events\/8461","targetHints":{"allow":["GET"]}}],"collection":[{"href":"https:\/\/www.estrad.fi\/barnensestrad\/wp-json\/wp\/v2\/tribe_events"}],"about":[{"href":"https:\/\/www.estrad.fi\/barnensestrad\/wp-json\/wp\/v2\/types\/tribe_events"}],"author":[{"embeddable":true,"href":"https:\/\/www.estrad.fi\/barnensestrad\/wp-json\/wp\/v2\/users\/2"}],"version-history":[{"count":1,"href":"https:\/\/www.estrad.fi\/barnensestrad\/wp-json\/wp\/v2\/tribe_events\/8461\/revisions"}],"predecessor-version":[{"id":8464,"href":"https:\/\/www.estrad.fi\/barnensestrad\/wp-json\/wp\/v2\/tribe_events\/8461\/revisions\/8464"}],"wp:featuredmedia":[{"embeddable":true,"href":"https:\/\/www.estrad.fi\/barnensestrad\/wp-json\/wp\/v2\/media\/8243"}],"wp:attachment":[{"href":"https:\/\/www.estrad.fi\/barnensestrad\/wp-json\/wp\/v2\/media?parent=8461"}],"wp:term":[{"taxonomy":"post_tag","embeddable":true,"href":"https:\/\/www.estrad.fi\/barnensestrad\/wp-json\/wp\/v2\/tags?post=8461"},{"taxonomy":"tribe_events_cat","embeddable":true,"href":"https:\/\/www.estrad.fi\/barnensestrad\/wp-json\/wp\/v2\/tribe_events_cat?post=8461"}],"curies":[{"name":"wp","href":"https:\/\/api.w.org\/{rel}","templated":true}]}}

<p><b>To. 30.11.2023 kl. 18.30-19.10, Jakobstad, Svenska gården<br />
</b>Teater: Jul med Alfons Åberg<br />
Biljetter:<br />
14,50 €/person.<br />
Gruppbiljett, 5 personer: 60 €.<br />
0-1-åringar gratis.<br />
Föreställningens längd: c. 35 minuter.</p>

<p>To. 30.11.2023 kl. 18.30-19.10, Jakobstad, Svenska gården Teater: Jul med Alfons Åberg Biljetter: 14,50 €/person. Gruppbiljett, 5 personer: 60 €. 0-1-åringar gratis. Föreställningens längd: c. 35 minuter.</p>
