{"id":9688,"date":"2024-05-15T15:26:23","date_gmt":"2024-05-15T12:26:23","guid":{"rendered":"https:\/\/www.estrad.fi\/barnensestrad\/?post_type=tribe_events&#038;p=9688"},"modified":"2024-06-25T13:21:12","modified_gmt":"2024-06-25T10:21:12","slug":"mycket-skoj-alfons-aberg-1-2-2024-kl-15-borga","status":"publish","type":"tribe_events","link":"https:\/\/www.estrad.fi\/barnensestrad\/event\/mycket-skoj-alfons-aberg-1-2-2024-kl-15-borga\/","title":{"rendered":"Mycket skoj, Alfons \u00c5berg, 2.7.2024 kl. 15, Borg\u00e5"},"content":{"rendered":"<p><b>Ti. 2.7.2024 kl. 15-15.40, Borg\u00e5, Postbacken<br \/>\n<\/b>Teater: Mycket skoj, Alfons \u00c5berg<br \/>\nBiljetter:<br \/>\n14,50 \u20ac\/person.<br \/>\nGruppbiljett, 5 personer: 60 \u20ac.<br \/>\n0-1-\u00e5ringar gratis.<br \/>\nF\u00f6rest\u00e4llningens l\u00e4ngd: c. 35 minuter.<\/p>\n","protected":false},"excerpt":{"rendered":"<p>Ti. 2.7.2024 kl. 15-15.40, Borg\u00e5, Postbacken Teater: Mycket skoj, Alfons \u00c5berg Biljetter: 14,50 \u20ac\/person. Gruppbiljett, 5 personer: 60 \u20ac. 0-1-\u00e5ringar gratis. F\u00f6rest\u00e4llningens l\u00e4ngd: c. 35 minuter.<\/p>\n","protected":false},"author":2,"featured_media":9665,"template":"","meta":{"editor_plus_copied_stylings":"{}","_price":"","_stock":"","_tribe_ticket_header":"","_tribe_default_ticket_provider":"Tribe__Tickets_Plus__Commerce__WooCommerce__Main","_tribe_ticket_capacity":"0","_ticket_start_date":"","_ticket_end_date":"","_tribe_ticket_show_description":"","_tribe_ticket_show_not_going":false,"_tribe_ticket_use_global_stock":"","_tribe_ticket_global_stock_level":"","_global_stock_mode":"","_global_stock_cap":"","_tribe_rsvp_for_event":"","_tribe_ticket_going_count":"","_tribe_ticket_not_going_count":"","_tribe_tickets_list":"[{\"id\":9689,\"type\":\"default\",\"title\":\"Mycket skoj, Alfons \\u00c5, 2.7-24 kl. 15, Borg\\u00e5, enkelbiljett\",\"description\":\"\",\"capacityType\":\"own\",\"price\":14.5,\"capacity\":73,\"available\":0,\"sharedCapacity\":73,\"sold\":0,\"shareSold\":0,\"isShared\":false,\"currencyDecimalPoint\":\",\",\"currencyNumberOfDecimals\":2,\"currencyPosition\":\"postfix\",\"currencySymbol\":\"\\u20ac\",\"currencyThousandsSep\":\"\"},{\"id\":9690,\"type\":\"default\",\"title\":\"Mycket skoj, Alfons \\u00c5, 2.7-24 kl. 15, Borg\\u00e5, grupp\\\/5 pers.\",\"description\":\"\",\"capacityType\":\"own\",\"price\":60,\"capacity\":6,\"available\":0,\"sharedCapacity\":6,\"sold\":0,\"shareSold\":0,\"isShared\":false,\"currencyDecimalPoint\":\",\",\"currencyNumberOfDecimals\":2,\"currencyPosition\":\"postfix\",\"currencySymbol\":\"\\u20ac\",\"currencyThousandsSep\":\"\"}]","_tribe_ticket_has_attendee_info_fields":false,"_tribe_events_status":"","_tribe_events_status_reason":"","footnotes":"","_tec_slr_enabled":"","_tec_slr_layout":""},"tags":[],"tribe_events_cat":[],"class_list":["post-9688","tribe_events","type-tribe_events","status-publish","has-post-thumbnail","hentry"],"ticketed":["woo"],"_links":{"self":[{"href":"https:\/\/www.estrad.fi\/barnensestrad\/wp-json\/wp\/v2\/tribe_events\/9688","targetHints":{"allow":["GET"]}}],"collection":[{"href":"https:\/\/www.estrad.fi\/barnensestrad\/wp-json\/wp\/v2\/tribe_events"}],"about":[{"href":"https:\/\/www.estrad.fi\/barnensestrad\/wp-json\/wp\/v2\/types\/tribe_events"}],"author":[{"embeddable":true,"href":"https:\/\/www.estrad.fi\/barnensestrad\/wp-json\/wp\/v2\/users\/2"}],"version-history":[{"count":2,"href":"https:\/\/www.estrad.fi\/barnensestrad\/wp-json\/wp\/v2\/tribe_events\/9688\/revisions"}],"predecessor-version":[{"id":9697,"href":"https:\/\/www.estrad.fi\/barnensestrad\/wp-json\/wp\/v2\/tribe_events\/9688\/revisions\/9697"}],"wp:featuredmedia":[{"embeddable":true,"href":"https:\/\/www.estrad.fi\/barnensestrad\/wp-json\/wp\/v2\/media\/9665"}],"wp:attachment":[{"href":"https:\/\/www.estrad.fi\/barnensestrad\/wp-json\/wp\/v2\/media?parent=9688"}],"wp:term":[{"taxonomy":"post_tag","embeddable":true,"href":"https:\/\/www.estrad.fi\/barnensestrad\/wp-json\/wp\/v2\/tags?post=9688"},{"taxonomy":"tribe_events_cat","embeddable":true,"href":"https:\/\/www.estrad.fi\/barnensestrad\/wp-json\/wp\/v2\/tribe_events_cat?post=9688"}],"curies":[{"name":"wp","href":"https:\/\/api.w.org\/{rel}","templated":true}]}}

Mycket skoj, Alfons Åberg, 2.7.2024 kl. 15, Borgå

<p><b>Ti. 2.7.2024 kl. 15-15.40, Borgå, Postbacken<br />
</b>Teater: Mycket skoj, Alfons Åberg<br />
Biljetter:<br />
14,50 €/person.<br />
Gruppbiljett, 5 personer: 60 €.<br />
0-1-åringar gratis.<br />
Föreställningens längd: c. 35 minuter.</p>

<p>Ti. 2.7.2024 kl. 15-15.40, Borgå, Postbacken Teater: Mycket skoj, Alfons Åberg Biljetter: 14,50 €/person. Gruppbiljett, 5 personer: 60 €. 0-1-åringar gratis. Föreställningens längd: c. 35 minuter.</p>
