{"id":9741,"date":"2024-05-16T07:50:17","date_gmt":"2024-05-16T04:50:17","guid":{"rendered":"https:\/\/www.estrad.fi\/barnensestrad\/?post_type=tribe_events&#038;p=9741"},"modified":"2024-07-11T13:00:55","modified_gmt":"2024-07-11T10:00:55","slug":"mycket-skoj-alfons-aberg-11-7-2024-kl-17-esse-essegarden","status":"publish","type":"tribe_events","link":"https:\/\/www.estrad.fi\/barnensestrad\/event\/mycket-skoj-alfons-aberg-11-7-2024-kl-17-esse-essegarden\/","title":{"rendered":"Mycket skoj, Alfons \u00c5berg, 11.7.2024 kl. 17, Esse, Esseg\u00e5rden"},"content":{"rendered":"<p><b>To. 11.7.2024 kl. 17-17.40, Esse, Esseg\u00e5rden<\/b><b><br \/>\n<\/b>Teater: Mycket skoj, Alfons \u00c5berg<br \/>\nBiljetter:<br \/>\n14,50 \u20ac\/person.<br \/>\nGruppbiljett, 5 personer: 60 \u20ac.<br \/>\n0-1-\u00e5ringar gratis.<br \/>\nF\u00f6rest\u00e4llningens l\u00e4ngd: c. 35 minuter.<\/p>\n","protected":false},"excerpt":{"rendered":"<p>To. 11.7.2024 kl. 17-17.40, Esse, Esseg\u00e5rden Teater: Mycket skoj, Alfons \u00c5berg Biljetter: 14,50 \u20ac\/person. Gruppbiljett, 5 personer: 60 \u20ac. 0-1-\u00e5ringar gratis. F\u00f6rest\u00e4llningens l\u00e4ngd: c. 35 minuter.<\/p>\n","protected":false},"author":2,"featured_media":9665,"template":"","meta":{"editor_plus_copied_stylings":"{}","_price":"","_stock":"","_tribe_ticket_header":"","_tribe_default_ticket_provider":"Tribe__Tickets_Plus__Commerce__WooCommerce__Main","_tribe_ticket_capacity":"0","_ticket_start_date":"","_ticket_end_date":"","_tribe_ticket_show_description":"","_tribe_ticket_show_not_going":false,"_tribe_ticket_use_global_stock":"","_tribe_ticket_global_stock_level":"","_global_stock_mode":"","_global_stock_cap":"","_tribe_rsvp_for_event":"","_tribe_ticket_going_count":"","_tribe_ticket_not_going_count":"","_tribe_tickets_list":"[{\"id\":9742,\"type\":\"default\",\"title\":\"Mycket skoj, Alfons \\u00c5, 11.7-24 kl. 17, Esseg\\u00e5rden, enkelbiljett\",\"description\":\"\",\"capacityType\":\"own\",\"price\":14.5,\"capacity\":90,\"available\":55,\"sharedCapacity\":90,\"sold\":0,\"shareSold\":0,\"isShared\":false,\"currencyDecimalPoint\":\",\",\"currencyNumberOfDecimals\":2,\"currencyPosition\":\"postfix\",\"currencySymbol\":\"\\u20ac\",\"currencyThousandsSep\":\"\"},{\"id\":9743,\"type\":\"default\",\"title\":\"Mycket skoj, Alfons \\u00c5, 11.7-24 kl. 17, Esseg\\u00e5rden, grupp\\\/5 pers.\",\"description\":\"\",\"capacityType\":\"own\",\"price\":60,\"capacity\":7,\"available\":5,\"sharedCapacity\":7,\"sold\":0,\"shareSold\":0,\"isShared\":false,\"currencyDecimalPoint\":\",\",\"currencyNumberOfDecimals\":2,\"currencyPosition\":\"postfix\",\"currencySymbol\":\"\\u20ac\",\"currencyThousandsSep\":\"\"}]","_tribe_ticket_has_attendee_info_fields":false,"_tribe_events_status":"","_tribe_events_status_reason":"","footnotes":"","_tec_slr_enabled":"","_tec_slr_layout":""},"tags":[],"tribe_events_cat":[],"class_list":["post-9741","tribe_events","type-tribe_events","status-publish","has-post-thumbnail","hentry"],"ticketed":["woo"],"_links":{"self":[{"href":"https:\/\/www.estrad.fi\/barnensestrad\/wp-json\/wp\/v2\/tribe_events\/9741","targetHints":{"allow":["GET"]}}],"collection":[{"href":"https:\/\/www.estrad.fi\/barnensestrad\/wp-json\/wp\/v2\/tribe_events"}],"about":[{"href":"https:\/\/www.estrad.fi\/barnensestrad\/wp-json\/wp\/v2\/types\/tribe_events"}],"author":[{"embeddable":true,"href":"https:\/\/www.estrad.fi\/barnensestrad\/wp-json\/wp\/v2\/users\/2"}],"version-history":[{"count":3,"href":"https:\/\/www.estrad.fi\/barnensestrad\/wp-json\/wp\/v2\/tribe_events\/9741\/revisions"}],"predecessor-version":[{"id":11597,"href":"https:\/\/www.estrad.fi\/barnensestrad\/wp-json\/wp\/v2\/tribe_events\/9741\/revisions\/11597"}],"wp:featuredmedia":[{"embeddable":true,"href":"https:\/\/www.estrad.fi\/barnensestrad\/wp-json\/wp\/v2\/media\/9665"}],"wp:attachment":[{"href":"https:\/\/www.estrad.fi\/barnensestrad\/wp-json\/wp\/v2\/media?parent=9741"}],"wp:term":[{"taxonomy":"post_tag","embeddable":true,"href":"https:\/\/www.estrad.fi\/barnensestrad\/wp-json\/wp\/v2\/tags?post=9741"},{"taxonomy":"tribe_events_cat","embeddable":true,"href":"https:\/\/www.estrad.fi\/barnensestrad\/wp-json\/wp\/v2\/tribe_events_cat?post=9741"}],"curies":[{"name":"wp","href":"https:\/\/api.w.org\/{rel}","templated":true}]}}

Mycket skoj, Alfons Åberg, 11.7.2024 kl. 17, Esse, Essegården

<p><b>To. 11.7.2024 kl. 17-17.40, Esse, Essegården</b><b><br />
</b>Teater: Mycket skoj, Alfons Åberg<br />
Biljetter:<br />
14,50 €/person.<br />
Gruppbiljett, 5 personer: 60 €.<br />
0-1-åringar gratis.<br />
Föreställningens längd: c. 35 minuter.</p>

<p>To. 11.7.2024 kl. 17-17.40, Esse, Essegården Teater: Mycket skoj, Alfons Åberg Biljetter: 14,50 €/person. Gruppbiljett, 5 personer: 60 €. 0-1-åringar gratis. Föreställningens längd: c. 35 minuter.</p>
